000
CDUS42 KTAE 220636
CLITLH


CLIMATE REPORT
NATIONAL WEATHER SERVICE TALLAHASSEE FL
236 AM EDT SUN APR 22 2018


...................................

...THE TALLAHASSEE CLIMATE SUMMARY FOR APRIL 21 2018...

CLIMATE NORMAL PERIOD 1981 TO 2010
CLIMATE RECORD PERIOD 1896 TO 2018


WEATHER ITEM   OBSERVED TIME   RECORD YEAR NORMAL DEPARTURE LAST
                VALUE   (LST)  VALUE       VALUE  FROM      YEAR
                                                  NORMAL
..................................................................
TEMPERATURE (F)
 YESTERDAY
  MAXIMUM         81    248 PM  94    1968  81      0       87
  MINIMUM         63    719 AM  38    1983  53     10       57
  AVERAGE         72                        67      5       72

PRECIPITATION (IN)
  YESTERDAY        0.00          5.40 1912   0.09  -0.09     0.00
  MONTH TO DATE    3.31                      2.31   1.00     3.14
  SINCE MAR 1     10.16                      8.25   1.91     4.33
  SINCE JAN 1     16.09                     17.44  -1.35    14.26

SNOWFALL (IN)
  YESTERDAY        0.0                       0.0    0.0

DEGREE DAYS
 HEATING
  YESTERDAY        0                               -2
  MONTH TO DATE   40                              -18
  SINCE MAR 1    252                               13
  SINCE JUL 1   1331                             -251

 COOLING
  YESTERDAY        7                                3
  MONTH TO DATE   44                              -13
  SINCE MAR 1     83                              -14
  SINCE JAN 1    165                               54
..................................................................


WIND (MPH)
  HIGHEST WIND SPEED    18   HIGHEST WIND DIRECTION     E (80)
  HIGHEST GUST SPEED    25   HIGHEST GUST DIRECTION     E (110)
  AVERAGE WIND SPEED    11.9




RELATIVE HUMIDITY (PERCENT)
 HIGHEST    78
 LOWEST     54
 AVERAGE    66

..........................................................


THE TALLAHASSEE CLIMATE NORMALS FOR TODAY
                         NORMAL    RECORD    YEAR
 MAXIMUM TEMPERATURE (F)   81        95      1968
 MINIMUM TEMPERATURE (F)   54        36      1993


SUNRISE AND SUNSET
APRIL 22 2018.........SUNRISE   703 AM EDT   SUNSET   810 PM EDT
APRIL 23 2018.........SUNRISE   702 AM EDT   SUNSET   810 PM EDT


-  INDICATES NEGATIVE NUMBERS.
R  INDICATES RECORD WAS SET OR TIED.
MM INDICATES DATA IS MISSING.
T  INDICATES TRACE AMOUNT.




$$
