000
CDUS41 KPHI 200555
CLITTN


CLIMATE REPORT
NATIONAL WEATHER SERVICE MOUNT HOLLY NJ
155 AM EDT SUN MAY 20 2018


...................................

...THE TRENTON NJ CLIMATE SUMMARY FOR MAY 19 2018...

CLIMATE NORMAL PERIOD 1981 TO 2010
CLIMATE RECORD PERIOD 1865 TO 2018


WEATHER ITEM   OBSERVED TIME   RECORD YEAR NORMAL DEPARTURE LAST
                VALUE   (LST)  VALUE       VALUE  FROM      YEAR
                                                  NORMAL
..................................................................
TEMPERATURE (F)
 YESTERDAY
  MAXIMUM         59   1159 PM  96    1962  73    -14       91
  MINIMUM         50    412 AM  37    2009  51     -1       71
                                      2003
                                      2002
  AVERAGE         55                        62     -7       81

PRECIPITATION (IN)
  YESTERDAY        0.44          4.20 1900   0.15   0.29     0.00
  MONTH TO DATE    4.08                      2.22   1.86     3.31
  SINCE MAR 1     12.42                      9.90   2.52    11.08
  SINCE JAN 1     20.97                     15.37   5.60    15.82

DEGREE DAYS
 HEATING
  YESTERDAY       10                         4      6        0
  MONTH TO DATE   52                       128    -76      135
  SINCE MAR 1   1330                      1282     48     1184
  SINCE JUL 1   4817                      5096   -279     4403

 COOLING
  YESTERDAY        0                         2     -2       16
  MONTH TO DATE   45                        21     24       47
  SINCE MAR 1     51                        29     22       78
  SINCE JAN 1     54                        29     25       78
..................................................................


WIND (MPH)
  HIGHEST WIND SPEED    16   HIGHEST WIND DIRECTION     E (80)
  HIGHEST GUST SPEED    22   HIGHEST GUST DIRECTION     E (70)
  AVERAGE WIND SPEED     7.6


SKY COVER
  POSSIBLE SUNSHINE  MM
  AVERAGE SKY COVER 1.0


WEATHER CONDITIONS
 THE FOLLOWING WEATHER WAS RECORDED YESTERDAY.
  HEAVY RAIN
  RAIN
  LIGHT RAIN
  FOG
  FOG W/VISIBILITY <= 1/4 MILE


RELATIVE HUMIDITY (PERCENT)
 HIGHEST   100           800 AM
 LOWEST     59          1200 AM
 AVERAGE    80

..........................................................


THE TRENTON NJ CLIMATE NORMALS FOR TODAY
                         NORMAL    RECORD    YEAR
 MAXIMUM TEMPERATURE (F)   73        93      1996
                                             1962
 MINIMUM TEMPERATURE (F)   52        34      2002


SUNRISE AND SUNSET
MAY 20 2018...........SUNRISE   539 AM EDT   SUNSET   813 PM EDT
MAY 21 2018...........SUNRISE   538 AM EDT   SUNSET   814 PM EDT


-  INDICATES NEGATIVE NUMBERS.
R  INDICATES RECORD WAS SET OR TIED.
MM INDICATES DATA IS MISSING.
T  INDICATES TRACE AMOUNT.




$$
