982
CDUS43 KAPX 250528
CLITVC


CLIMATE REPORT
NATIONAL WEATHER SERVICE GAYLORD MI
127 AM EDT FRI MAY 25 2018


...................................

...THE TRAVERSE CITY MI CLIMATE SUMMARY FOR MAY 24 2018...

CLIMATE NORMAL PERIOD 1981 TO 2010
CLIMATE RECORD PERIOD 1896 TO 2018


WEATHER ITEM   OBSERVED TIME   RECORD YEAR NORMAL DEPARTURE LAST
                VALUE   (LST)  VALUE       VALUE  FROM      YEAR
                                                  NORMAL
..................................................................
TEMPERATURE (F)
 YESTERDAY
  MAXIMUM         87    329 PM  93    2010  68     19       65
  MINIMUM         50    541 AM  25    1956  44      6       50
  AVERAGE         69                        56     13       58

PRECIPITATION (IN)
  YESTERDAY        0.00          1.13 1981   0.09  -0.09     0.12
  MONTH TO DATE    2.25                      2.00   0.25     1.09
  SINCE MAR 1      6.26                      6.64  -0.38     5.53
  SINCE JAN 1      8.67                     10.96  -2.29     8.86

DEGREE DAYS
 HEATING
  YESTERDAY        0                        10    -10        7
  MONTH TO DATE  207                       312   -105      323
  SINCE MAR 1   2163                      2039    124     1857
  SINCE JUL 1   7066                      7379   -313     6030

 COOLING
  YESTERDAY        4                         1      3        0
  MONTH TO DATE   16                         7      9       18
  SINCE MAR 1     16                        10      6       21
  SINCE JAN 1     16                        10      6       21
..................................................................


WIND (MPH)
  HIGHEST WIND SPEED    16   HIGHEST WIND DIRECTION     W (270)
  HIGHEST GUST SPEED    22   HIGHEST GUST DIRECTION     W (270)
  AVERAGE WIND SPEED     4.7




RELATIVE HUMIDITY (PERCENT)
 HIGHEST    93
 LOWEST     29
 AVERAGE    61

..........................................................


THE TRAVERSE CITY MI CLIMATE NORMALS FOR TODAY
                         NORMAL    RECORD    YEAR
 MAXIMUM TEMPERATURE (F)   69        89      2010
 MINIMUM TEMPERATURE (F)   45        28      1992


SUNRISE AND SUNSET
MAY 25 2018...........SUNRISE   604 AM EDT   SUNSET   915 PM EDT
MAY 26 2018...........SUNRISE   604 AM EDT   SUNSET   916 PM EDT


-  INDICATES NEGATIVE NUMBERS.
R  INDICATES RECORD WAS SET OR TIED.
MM INDICATES DATA IS MISSING.
T  INDICATES TRACE AMOUNT.




$$
