882
CDUS44 KJAN 220702
CLITVR


CLIMATE REPORT
NATIONAL WEATHER SERVICE JACKSON MS
200 AM CDT SUN APR 22 2018


...................................

...THE VICKSBURG CLIMATE SUMMARY FOR APRIL 21 2018...

CLIMATE NORMAL PERIOD 1981 TO 2010
CLIMATE RECORD PERIOD 1948 TO 2018


WEATHER ITEM   OBSERVED TIME   RECORD YEAR NORMAL DEPARTURE LAST
                VALUE   (LST)  VALUE       VALUE  FROM      YEAR
                                                  NORMAL
..................................................................
TEMPERATURE (F)
 YESTERDAY
  MAXIMUM         77    225 PM  90    1987  77      0       84
  MINIMUM         49    455 AM  32    1953  55     -6       66
  AVERAGE         63                        66     -3       75

PRECIPITATION (IN)
  YESTERDAY        0.00          5.47 1966   0.16  -0.16      T
  MONTH TO DATE    4.73                      3.55   1.18     7.84
  SINCE MAR 1     10.67                      8.58   2.09    10.70
  SINCE JAN 1     24.08                     18.92   5.16    17.46

SNOWFALL (IN)
  YESTERDAY        0.0

DEGREE DAYS
 HEATING
  YESTERDAY        2                         2      0        0
  MONTH TO DATE  110                        85     25       16
  SINCE MAR 1    306                       350    -44      190
  SINCE JUL 1   2192                      2326   -134     1466

 COOLING
  YESTERDAY        0                         3     -3       10
  MONTH TO DATE   26                        51    -25      105
  SINCE MAR 1     68                        74     -6      191
  SINCE JAN 1    125                        83     42      242
..................................................................


WIND (MPH)
  HIGHEST WIND SPEED    18   HIGHEST WIND DIRECTION    SE (140)
  HIGHEST GUST SPEED    26   HIGHEST GUST DIRECTION    SE (120)
  AVERAGE WIND SPEED     7.8


SKY COVER
  POSSIBLE SUNSHINE  MM
  AVERAGE SKY COVER 0.0


WEATHER CONDITIONS
 THE FOLLOWING WEATHER WAS RECORDED YESTERDAY.
  NO SIGNIFICANT WEATHER WAS OBSERVED.


RELATIVE HUMIDITY (PERCENT)
 HIGHEST   100           500 AM
 LOWEST     43           200 PM
 AVERAGE    72

..........................................................


THE VICKSBURG CLIMATE NORMALS FOR TODAY
                         NORMAL    RECORD    YEAR
 MAXIMUM TEMPERATURE (F)   78        91      1987
 MINIMUM TEMPERATURE (F)   55        40      1993


SUNRISE AND SUNSET
APRIL 22 2018.........SUNRISE   627 AM CDT   SUNSET   739 PM CDT
APRIL 23 2018.........SUNRISE   626 AM CDT   SUNSET   739 PM CDT


-  INDICATES NEGATIVE NUMBERS.
R  INDICATES RECORD WAS SET OR TIED.
MM INDICATES DATA IS MISSING.
T  INDICATES TRACE AMOUNT.




$$
