587
CDUS45 KBOI 190939
CLITWF


CLIMATE REPORT
NATIONAL WEATHER SERVICE BOISE ID
338 AM MDT THU APR 19 2018


...................................

...THE TWIN FALLS ID CLIMATE SUMMARY FOR APRIL 18 2018...

CLIMATE NORMAL PERIOD 1981 TO 2010
CLIMATE RECORD PERIOD 9999 TO 9999


WEATHER ITEM   OBSERVED TIME   NORMAL DEPARTURE LAST
                VALUE   (LST)  VALUE  FROM      YEAR
                                      NORMAL
......................................................
TEMPERATURE (F)
 YESTERDAY
  MAXIMUM         60    246 PM  61     -1       52
  MINIMUM         24    434 AM  36    -12       41
  AVERAGE         42

PRECIPITATION (IN)
  YESTERDAY        0.00          0.03  -0.03     0.25
  MONTH TO DATE    0.51          0.65  -0.14     0.69
  SINCE OCT 1      5.52          6.73  -1.21     9.30
  SINCE JAN 1      2.96          3.48  -0.52     4.80

DEGREE DAYS
 HEATING
  YESTERDAY       23            17      6       18
  MONTH TO DATE  348           330     18      358
  SINCE MAR 1   1127          1052     75      972
  SINCE JUL 1   5659          5619     40     5752

 COOLING
  YESTERDAY        0             0      0        0
  MONTH TO DATE    0             0      0        0
  SINCE MAR 1      0             0      0        0
  SINCE JAN 1      0             0      0        0
......................................................


WIND (MPH)
  HIGHEST WIND SPEED    21   HIGHEST WIND DIRECTION     S (160)
  HIGHEST GUST SPEED    25   HIGHEST GUST DIRECTION     S (160)
  AVERAGE WIND SPEED     9.5


SKY COVER
  AVERAGE SKY COVER 0.1


WEATHER CONDITIONS
 THE FOLLOWING WEATHER WAS RECORDED YESTERDAY.
  NO SIGNIFICANT WEATHER WAS OBSERVED.


RELATIVE HUMIDITY (PERCENT)
 HIGHEST    81           200 AM
 LOWEST     23           400 PM
 AVERAGE    52

..........................................................




SUNRISE AND SUNSET
APRIL 19 2018.........SUNRISE   650 AM MDT   SUNSET   824 PM MDT
APRIL 20 2018.........SUNRISE   649 AM MDT   SUNSET   826 PM MDT


-  INDICATES NEGATIVE NUMBERS.
R  INDICATES RECORD WAS SET OR TIED.
MM INDICATES DATA IS MISSING.
T  INDICATES TRACE AMOUNT.




$$
