000
CDUS44 KSHV 240750
CLITXK


CLIMATE REPORT
NATIONAL WEATHER SERVICE SHREVEPORT, LA
245 AM CDT TUE APR 24 2018


...................................

...THE TEXARKANA CLIMATE SUMMARY FOR APRIL 23 2018...

CLIMATE NORMAL PERIOD 1981 TO 2010
CLIMATE RECORD PERIOD 1896 TO 2018


WEATHER ITEM   OBSERVED TIME   RECORD YEAR NORMAL DEPARTURE LAST
                VALUE   (LST)  VALUE       VALUE  FROM      YEAR
                                                  NORMAL
..................................................................
TEMPERATURE (F)
 YESTERDAY
  MAXIMUM         70    531 PM  90    1926  77     -7       71
  MINIMUM         54    615 AM  39    1931  55     -1       48
  AVERAGE         62                        66     -4       60

PRECIPITATION (IN)
  YESTERDAY        0.00          2.90 1941   0.14  -0.14     0.00
  MONTH TO DATE    2.31                      2.90  -0.59     3.28
  SINCE DEC 1     29.58                     19.54  10.04    21.02
  SINCE JAN 1     22.99                     14.49   8.50    14.60

SNOWFALL (IN)
  YESTERDAY        0.0
  MONTH TO DATE    0.0
  SINCE MAR 1      0.0
  SINCE JUL 1      2.0
  SNOW DEPTH       0

DEGREE DAYS
 HEATING
  YESTERDAY        3                         2      1        5
  MONTH TO DATE  178                        97     81       30
  SINCE MAR 1    397                       397      0      229
  SINCE JUL 1   2512                      2591    -79     1680

 COOLING
  YESTERDAY        0                         3     -3        0
  MONTH TO DATE   16                        50    -34       76
  SINCE MAR 1     44                        69    -25      125
  SINCE JAN 1     58                        73    -15      157
..................................................................


WIND (MPH)
  HIGHEST WIND SPEED    17   HIGHEST WIND DIRECTION    NW (310)
  HIGHEST GUST SPEED    21   HIGHEST GUST DIRECTION    NW (310)
  AVERAGE WIND SPEED     9.2


SKY COVER
  POSSIBLE SUNSHINE  MM
  AVERAGE SKY COVER 0.8


WEATHER CONDITIONS
 THE FOLLOWING WEATHER WAS RECORDED YESTERDAY.
  NO SIGNIFICANT WEATHER WAS OBSERVED.


RELATIVE HUMIDITY (PERCENT)
 HIGHEST    93           400 AM
 LOWEST     61           200 PM
 AVERAGE    77

..........................................................


THE TEXARKANA CLIMATE NORMALS FOR TODAY
                         NORMAL    RECORD    YEAR
 MAXIMUM TEMPERATURE (F)   77        95      1965
 MINIMUM TEMPERATURE (F)   55        38      1903


SUNRISE AND SUNSET
APRIL 24 2018.........SUNRISE   635 AM CDT   SUNSET   754 PM CDT
APRIL 25 2018.........SUNRISE   634 AM CDT   SUNSET   754 PM CDT


-  INDICATES NEGATIVE NUMBERS.
R  INDICATES RECORD WAS SET OR TIED.
MM INDICATES DATA IS MISSING.
T  INDICATES TRACE AMOUNT.




$$
