000
CDUS43 KLSX 230728
CLIUIN


CLIMATE REPORT
NATIONAL WEATHER SERVICE ST LOUIS MO
228 AM CDT MON APR 23 2018


...................................

...THE QUINCY IL CLIMATE SUMMARY FOR APRIL 22 2018...

CLIMATE NORMAL PERIOD 1981 TO 2010
CLIMATE RECORD PERIOD 1901 TO 2018


WEATHER ITEM   OBSERVED TIME   RECORD YEAR NORMAL DEPARTURE LAST
                VALUE   (LST)  VALUE       VALUE  FROM      YEAR
                                                  NORMAL
..................................................................
TEMPERATURE (F)
 YESTERDAY
  MAXIMUM         68   1231 PM  89    1925  66      2       64
  MINIMUM         49    641 AM  27    1986  45      4       43
  AVERAGE         59                        56      3

PRECIPITATION (IN)
  YESTERDAY        T             1.40 2011   0.14  -0.14     0.00
  MONTH TO DATE    0.63                      2.63  -2.00     2.00
  SINCE MAR 1      4.01                      5.09  -1.08     5.18
  SINCE JAN 1      8.13                      8.49  -0.36     7.23

DEGREE DAYS
 HEATING
  YESTERDAY        6                        10     -4
  MONTH TO DATE  506                       299    207
  SINCE MAR 1   1281                      1017    264
  SINCE JUL 1   5448                      5359     89

 COOLING
  YESTERDAY        0                         1     -1
  MONTH TO DATE    6                         9     -3
  SINCE MAR 1      6                        11     -5
  SINCE JAN 1      6                        11     -5
..................................................................


WIND (MPH)
  HIGHEST WIND SPEED    22   HIGHEST WIND DIRECTION     E (70)
  HIGHEST GUST SPEED    29   HIGHEST GUST DIRECTION     E (70)
  AVERAGE WIND SPEED    12.9


SKY COVER
  AVERAGE SKY COVER 0.7



RELATIVE HUMIDITY (PERCENT)
 HIGHEST    54           400 AM
 LOWEST     24           600 PM
 AVERAGE    39

..........................................................


THE QUINCY IL CLIMATE NORMALS FOR TODAY
                         NORMAL    RECORD    YEAR
 MAXIMUM TEMPERATURE (F)   66        86      1948
                                             1937
 MINIMUM TEMPERATURE (F)   46        25      1956


SUNRISE AND SUNSET
APRIL 23 2018.........SUNRISE   615 AM CDT   SUNSET   751 PM CDT
APRIL 24 2018.........SUNRISE   614 AM CDT   SUNSET   752 PM CDT


-  INDICATES NEGATIVE NUMBERS.
R  INDICATES RECORD WAS SET OR TIED.
MM INDICATES DATA IS MISSING.
T  INDICATES TRACE AMOUNT.




$$
