000
CDUS44 KCRP 230754 RRA
CLIVCT

CLIMATE REPORT
NATIONAL WEATHER SERVICE CORPUS CHRISTI TX
253 AM CDT MON APR 23 2018

...................................

...THE VICTORIA CLIMATE SUMMARY FOR APRIL 22 2018...

CLIMATE NORMAL PERIOD 1981 TO 2010
CLIMATE RECORD PERIOD 1893 TO 2018

WEATHER ITEM   OBSERVED TIME   RECORD YEAR NORMAL DEPARTURE LAST
                VALUE   (LST)  VALUE       VALUE  FROM      YEAR
                                                  NORMAL
..................................................................
TEMPERATURE (F)
 YESTERDAY
  MAXIMUM         78    334 PM  94    2009  82     -4       85
  MINIMUM         58   1007 PM  42    1931  61     -3       63
  AVERAGE         68                        71     -3       74

PRECIPITATION (IN)
  YESTERDAY        T             1.23 2015   0.10  -0.10     0.00
  MONTH TO DATE    1.38                      1.97  -0.59     2.78
  SINCE MAR 1      3.33                      4.74  -1.41     7.76
  SINCE JAN 1      5.51                      9.34  -3.83    16.36

SNOWFALL (IN)
  YESTERDAY        0.0
  MONTH TO DATE    0.0
  SINCE MAR 1      0.0
  SINCE JUL 1      2.0
  SNOW DEPTH       0

DEGREE DAYS
 HEATING
  YESTERDAY        0                         1     -1        0
  MONTH TO DATE   31                        29      2        2
  SINCE MAR 1     86                       154    -68       36
  SINCE JUL 1   1133                      1247   -114      567

 COOLING
  YESTERDAY        3                         7     -4        9
  MONTH TO DATE   92                       115    -23      179
  SINCE MAR 1    242                       189     53      359
  SINCE JAN 1    332                       227    105      566
..................................................................

WIND (MPH)
  HIGHEST WIND SPEED    20   HIGHEST WIND DIRECTION     N (350)
  HIGHEST GUST SPEED    25   HIGHEST GUST DIRECTION     N (360)
  AVERAGE WIND SPEED    10.4

SKY COVER
  POSSIBLE SUNSHINE  MM
  AVERAGE SKY COVER 0.3

WEATHER CONDITIONS
 THE FOLLOWING WEATHER WAS RECORDED YESTERDAY.
  LIGHT RAIN
  FOG

RELATIVE HUMIDITY (PERCENT)
 HIGHEST    93          1200 AM
 LOWEST     39           300 PM
 AVERAGE    66

..........................................................

THE VICTORIA CLIMATE NORMALS FOR TODAY
                         NORMAL    RECORD    YEAR
 MAXIMUM TEMPERATURE (F)   82        93      1958
                                             1955
 MINIMUM TEMPERATURE (F)   61        46      1927

SUNRISE AND SUNSET
APRIL 23 2018.........SUNRISE   654 AM CDT   SUNSET   759 PM CDT
APRIL 24 2018.........SUNRISE   653 AM CDT   SUNSET   759 PM CDT

-  INDICATES NEGATIVE NUMBERS.
R  INDICATES RECORD WAS SET OR TIED.
MM INDICATES DATA IS MISSING.
T  INDICATES TRACE AMOUNT.

$$
