000
CDUS41 KBTV 230534
CLIVSF


CLIMATE REPORT
NATIONAL WEATHER SERVICE BURLINGTON VT
130 AM EDT MON APR 23 2018


...................................

...THE SPRINGFIELD VT CLIMATE SUMMARY FOR APRIL 22 2018...

CLIMATE NORMAL PERIOD 1981 TO 2010
CLIMATE RECORD PERIOD 9999 TO 9999


WEATHER ITEM   OBSERVED TIME   NORMAL DEPARTURE LAST
                VALUE   (LST)  VALUE  FROM      YEAR
                                      NORMAL
......................................................
TEMPERATURE (F)
 YESTERDAY
  MAXIMUM         57    533 PM  59     -2       47
  MINIMUM         24    517 AM  35    -11       37
  AVERAGE         41            47     -6       42

PRECIPITATION (IN)
  YESTERDAY        0.00          0.09  -0.09     0.04
  MONTH TO DATE    2.42          2.80  -0.38     3.39
  SINCE MAR 1      4.49          6.10  -1.61     6.28
  SINCE JAN 1     10.23         11.71  -1.48     9.83

DEGREE DAYS
 HEATING
  YESTERDAY       24            18      6       23
  MONTH TO DATE  640           496    144      402
  SINCE MAR 1   1634          1531    103     1525
  SINCE JUL 1   6848          6976   -128     6402

 COOLING
  YESTERDAY        0             0      0        0
  MONTH TO DATE    0             0      0        0
  SINCE MAR 1      0             0      0        0
  SINCE JAN 1      0             0      0        0
......................................................


WIND (MPH)
  HIGHEST WIND SPEED    22   HIGHEST WIND DIRECTION     W (270)
  HIGHEST GUST SPEED    31   HIGHEST GUST DIRECTION     W (250)
  AVERAGE WIND SPEED     4.5


SKY COVER
  AVERAGE SKY COVER 0.0


WEATHER CONDITIONS
 THE FOLLOWING WEATHER WAS RECORDED YESTERDAY.
  NO SIGNIFICANT WEATHER WAS OBSERVED.


RELATIVE HUMIDITY (PERCENT)
 HIGHEST    88           500 AM
 LOWEST     15           500 PM
 AVERAGE    52

..........................................................


THE SPRINGFIELD VT CLIMATE NORMALS FOR TODAY
                         NORMAL    RECORD    YEAR
 MAXIMUM TEMPERATURE (F)   60        83      2007
 MINIMUM TEMPERATURE (F)   36        27      2013


SUNRISE AND SUNSET
APRIL 23 2018.........SUNRISE   555 AM EDT   SUNSET   742 PM EDT
APRIL 24 2018.........SUNRISE   553 AM EDT   SUNSET   744 PM EDT


-  INDICATES NEGATIVE NUMBERS.
R  INDICATES RECORD WAS SET OR TIED.
MM INDICATES DATA IS MISSING.
T  INDICATES TRACE AMOUNT.




$$
