000
CDUS46 KLOX 210112
CLIWJF


CLIMATE REPORT
NATIONAL WEATHER SERVICE LOS ANGELES/OXNARD CA
611 PM PDT SUN MAY 20 2018


...................................

...THE LANCASTER CLIMATE SUMMARY FOR MAY 20 2018...
VALID TODAY AS OF 0600 PM LOCAL TIME.

CLIMATE NORMAL PERIOD 1981 TO 2010
CLIMATE RECORD PERIOD 1948 TO 2018


WEATHER ITEM   OBSERVED TIME   RECORD YEAR NORMAL DEPARTURE LAST
                VALUE   (LST)  VALUE       VALUE  FROM      YEAR
                                                  NORMAL
..................................................................
TEMPERATURE (F)
 TODAY
  MAXIMUM         80   1124 AM  99    2001  84     -4       91
  MINIMUM         60    457 AM  40    1972  55      5       47
  AVERAGE         70                        69      1       69

PRECIPITATION (IN)
  TODAY            0.00          0.04 1981   0.00   0.00     0.00
  MONTH TO DATE    0.00                      0.07  -0.07     0.00
  SINCE OCT 1      2.76                      6.97  -4.21     6.51
  SINCE JAN 1      2.74                      4.84  -2.10     4.52

SNOWFALL (IN)
  TODAY            0.0           0.0    MM   0.0             0.0
  MONTH TO DATE    0.0                       0.0             0.0
  SINCE MAR 1      0.0                       0.0             0.0
  SINCE JUL 1      0.0                       2.3             0.0
  SNOW DEPTH       0

DEGREE DAYS
 HEATING
  TODAY            0                         1     -1        0
  MONTH TO DATE   28                        49    -21       66
  SINCE MAR 1    535                       624    -89      477
  SINCE JUL 1   2520                      2917   -397     2476

 COOLING
  TODAY            5                         6     -1        4
  MONTH TO DATE   80                        83     -3       58
  SINCE MAR 1    128                       113     15       68
  SINCE JAN 1    128                       113     15       68
..................................................................


WIND (MPH)
  HIGHEST WIND SPEED    26   HIGHEST WIND DIRECTION    SW (240)
  HIGHEST GUST SPEED    35   HIGHEST GUST DIRECTION    SW (220)
  AVERAGE WIND SPEED    17.2


SKY COVER
  POSSIBLE SUNSHINE  MM
  AVERAGE SKY COVER 0.0


WEATHER CONDITIONS
 THE FOLLOWING WEATHER WAS RECORDED TODAY.
  NO SIGNIFICANT WEATHER WAS OBSERVED.


RELATIVE HUMIDITY (PERCENT)
 HIGHEST    55           200 AM
 LOWEST     27          1100 AM
 AVERAGE    41

..........................................................


THE LANCASTER CLIMATE NORMALS FOR TOMORROW
                         NORMAL    RECORD    YEAR
 MAXIMUM TEMPERATURE (F)   84        99      2001
 MINIMUM TEMPERATURE (F)   55        41      1974


SUNRISE AND SUNSET
MAY 20 2018...........SUNRISE   546 AM PDT   SUNSET   753 PM PDT
MAY 21 2018...........SUNRISE   546 AM PDT   SUNSET   754 PM PDT


-  INDICATES NEGATIVE NUMBERS.
R  INDICATES RECORD WAS SET OR TIED.
MM INDICATES DATA IS MISSING.
T  INDICATES TRACE AMOUNT.




$$
