000
CDUS45 KLKN 220931
CLIWMC


CLIMATE REPORT
NATIONAL WEATHER SERVICE ELKO NV
227 AM PDT TUE MAY 22 2018


...................................

...THE WINNEMUCCA AIRPORT NV CLIMATE SUMMARY FOR MAY 21 2018...

CLIMATE NORMAL PERIOD 1981 TO 2010
CLIMATE RECORD PERIOD 1877 TO 2018


WEATHER ITEM   OBSERVED TIME   RECORD YEAR NORMAL DEPARTURE LAST
                VALUE   (LST)  VALUE       VALUE  FROM      YEAR
                                                  NORMAL
..................................................................
TEMPERATURE (F)
 YESTERDAY
  MAXIMUM         78    138 PM  95    1979  74      4       77
  MINIMUM         47   1159 PM  27    1974  39      8       42
  AVERAGE         63                        56      7       60

PRECIPITATION (IN)
  YESTERDAY        0.37          0.50 1878   0.03   0.34     0.00
  MONTH TO DATE    1.38                      0.78   0.60     0.40
  SINCE OCT 1      7.34                      6.51   0.83     9.74
  SINCE JAN 1      6.00                      4.03   1.97     5.20

SNOWFALL (IN)
  YESTERDAY        0.0           1.1  1971   0.0    0.0      0.0
  MONTH TO DATE    0.0                       0.1   -0.1      0.2
  SINCE MAR 1     16.9                       4.9   12.0      2.4
  SINCE JUL 1     28.1                      20.9    7.2     18.5
  SNOW DEPTH       0

DEGREE DAYS
 HEATING
  YESTERDAY        2                         9     -7        5
  MONTH TO DATE  164                       242    -78      262
  SINCE MAR 1   1406                      1533   -127     1453
  SINCE JUL 1   5645                      6122   -477     5892

 COOLING
  YESTERDAY        0                         0      0        0
  MONTH TO DATE    0                         0      0        0
  SINCE MAR 1      0                         0      0        0
  SINCE JAN 1      0                         0      0        0
..................................................................


WIND (MPH)
  HIGHEST WIND SPEED    30   HIGHEST WIND DIRECTION    SE (150)
  HIGHEST GUST SPEED    38   HIGHEST GUST DIRECTION     S (170)
  AVERAGE WIND SPEED     9.0



WEATHER CONDITIONS
 THE FOLLOWING WEATHER WAS RECORDED YESTERDAY.
  THUNDERSTORM
  HEAVY RAIN
  RAIN
  LIGHT RAIN
  FOG


RELATIVE HUMIDITY (PERCENT)
 HIGHEST    93           500 PM
 LOWEST     31           100 PM
 AVERAGE    62

..........................................................


THE WINNEMUCCA AIRPORT NV CLIMATE NORMALS FOR TODAY
                         NORMAL    RECORD    YEAR
 MAXIMUM TEMPERATURE (F)   74        95      1979
 MINIMUM TEMPERATURE (F)   39        20      1986


SUNRISE AND SUNSET
MAY 22 2018...........SUNRISE   528 AM PDT   SUNSET   809 PM PDT
MAY 23 2018...........SUNRISE   527 AM PDT   SUNSET   810 PM PDT


-  INDICATES NEGATIVE NUMBERS.
R  INDICATES RECORD WAS SET OR TIED.
MM INDICATES DATA IS MISSING.
T  INDICATES TRACE AMOUNT.




$$
