000
CXUS53 KABR 011810
CLM8D3


CLIMATE REPORT
NATIONAL WEATHER SERVICE ABERDEEN SD
100 PM CDT SUN APR 1 2018

...................................

...THE SISSETON SD CLIMATE SUMMARY FOR THE MONTH OF MARCH 2018...

CLIMATE NORMAL PERIOD 1981 TO 2010
CLIMATE RECORD PERIOD 1900 TO 2018

WEATHER         OBSERVED          NORMAL  DEPART  LAST YEAR`S
                 VALUE   DATE(S)  VALUE   FROM    VALUE  DATE(S)
                                          NORMAL
................................................................
TEMPERATURE (F)
RECORD
 HIGH              82   03/18/2012
                        03/31/1963
                        03/28/1946
 LOW              -22   03/10/1948
HIGHEST            45   03/27        MM      MM       67  03/05
LOWEST              4   03/09        MM      MM       -7  03/14
                        03/08
AVG. MAXIMUM     34.9              39.3    -4.4     40.5
AVG. MINIMUM     20.2              20.8    -0.6     19.3
MEAN             27.5              30.0    -2.5     29.9
DAYS MAX >= 90      0               0.0     0.0        0
DAYS MAX <= 32      8               8.7    -0.7       11
DAYS MIN <= 32     29              26.5     2.5       27
DAYS MIN <= 0       0               1.5    -1.5        4

PRECIPITATION (INCHES)
RECORD
 MAXIMUM         5.19   1977
 MINIMUM         0.03   1959
TOTALS           1.64              1.12    0.52     0.26
DAYS >= .01        10                MM      MM        2
DAYS >= .10         5                MM      MM        1
DAYS >= .50         1                MM      MM        0
DAYS >= 1.00        0                MM      MM        0

SNOWFALL (INCHES)
RECORDS
 TOTAL           22.5   MM
 SNOW DEPTH        MM   MM
TOTALS           19.7                MM      MM      3.4
SINCE 7/1        42.4                MM      MM     30.4
SNOWDEPTH AVG.      4                MM      MM        1
DAYS >= TRACE       9                MM      MM        3
DAYS >= 1.0         6                MM      MM        1
GREATEST
 SNOW DEPTH         9   03/08                          3  03/16
                        03/07                             03/15
                        03/06                             03/14

DEGREE_DAYS
HEATING TOTAL    1153              1083      70     1080
 SINCE 7/1       7250              7342     -92     6344
COOLING TOTAL       0                 0       0        0
 SINCE 1/1          0                 0       0        0

FREEZE DATES
RECORD
 EARLIEST     MM
 LATEST       MM
EARLIEST                        MM
LATEST                          MM
.................................................................

WIND (MPH)
AVERAGE WIND SPEED              10.9
RESULTANT WIND SPEED/DIRECTION   1/090
HIGHEST WIND SPEED/DIRECTION    33/360    DATE  03/31
HIGHEST GUST SPEED/DIRECTION    43/210    DATE  03/28

SKY COVER
POSSIBLE SUNSHINE (PERCENT)   MM
AVERAGE SKY COVER           0.00
NUMBER OF DAYS FAIR           31
NUMBER OF DAYS PC              0
NUMBER OF DAYS CLOUDY          0

AVERAGE RH (PERCENT)     82

WEATHER CONDITIONS. NUMBER OF DAYS WITH
  0
  1
  0
  0
  5
  0
  0
HAZE                      0

-  INDICATES NEGATIVE NUMBERS.
R  INDICATES RECORD WAS SET OR TIED.
MM INDICATES DATA IS MISSING.
T  INDICATES TRACE AMOUNT.

$$
