000
CXAK58 PADQ 011423
CLMADQ


CLIMATE REPORT
NATIONAL WEATHER SERVICE ANCHORAGE, AK
622 AM AKDT TUE MAY 1 2018

...................................

...THE KODIAK CLIMATE SUMMARY FOR THE MONTH OF APRIL 2018...

CLIMATE NORMAL PERIOD 1981 TO 2010
CLIMATE RECORD PERIOD 1913 TO 2018

WEATHER         OBSERVED          NORMAL  DEPART  LAST YEAR`S
                 VALUE   DATE(S)  VALUE   FROM    VALUE  DATE(S)
                                          NORMAL
................................................................
TEMPERATURE (F)
RECORD
 HIGH              70   MM
 LOW               23   04/03/2018
HIGHEST            57                MM      MM       54
LOWEST             23R               MM      MM       25
AVG. MAXIMUM     46.5              42.9     3.6     45.1
AVG. MINIMUM     35.4              32.3     3.1     34.6
MEAN             41.0              37.6     3.4     39.9
DAYS MAX >= 90      0               0.0     0.0        0
DAYS MAX <= 32      0               0.6    -0.6        0
DAYS MIN <= 32      8              12.4    -4.4        8
DAYS MIN <= 0       0               0.0     0.0        0

PRECIPITATION (INCHES)
RECORD
 MAXIMUM           MM   MM
 MINIMUM           MM   MM
TOTALS           5.61              5.81   -0.20     7.35
DAILY AVG.       0.19              0.19    0.00     0.24
DAYS >= .01        21              17.5     3.5       19
DAYS >= .10        16              11.6     4.4       12
DAYS >= .50         3               4.4    -1.4        5
DAYS >= 1.00        1               1.0     0.0        3
GREATEST
 24 HR. TOTAL    1.27   04/11 TO 04/11           04/05 TO 04/06
                                                          04/09 TO 04/09
                                                          04/09 TO 04/09
 STORM TOTAL       MM                                 MM
 (MM/DD(HH))            MM                    04/06(00) TO 04/06(00)
                                                 04/09(00) TO 04/09(00)9
                                                 04/09(00) TO 04/09(00)9

SNOWFALL (INCHES)
RECORDS
 TOTAL             MM   MM
 24 HR TOTAL       MM
 SNOW DEPTH        MM   MM
TOTALS            0.0               8.0    -8.0      1.1
SINCE 7/1        17.9              68.7   -50.8     28.4
SNOWDEPTH AVG.      0                MM      MM        0
DAYS >= TRACE       0               4.7    -4.7        7
DAYS >= 1.0         0               2.0    -2.0
GREATEST
 SNOW DEPTH         0   MM                             0  MM
 24 HR TOTAL      0.0   04/30 TO 04/30           04/09 TO 04/09
                                                          04/09 TO 04/09
                                                          04/09 TO 04/09
 STORM TOTAL       MM                                 MM
 (MM/DD(HH))            MM

DEGREE_DAYS
HEATING TOTAL     712               822    -110      747
 SINCE 7/1       6903              7692    -789     7201
COOLING TOTAL       0                 0       0        0
 SINCE 1/1          0                 0       0        0

FREEZE DATES
RECORD
 EARLIEST     MM
 LATEST       MM
EARLIEST                        MM
LATEST                          MM
..........................................................

WIND (MPH)
AVERAGE WIND SPEED              10.2
RESULTANT WIND SPEED/DIRECTION   2/065
HIGHEST WIND SPEED/DIRECTION    39/040    DATE  04/10
HIGHEST GUST SPEED/DIRECTION    48/050    DATE  04/10

SKY COVER
POSSIBLE SUNSHINE (PERCENT)   MM
AVERAGE SKY COVER           0.60
NUMBER OF DAYS FAIR            7
NUMBER OF DAYS PC              8
NUMBER OF DAYS CLOUDY         15

AVERAGE RH (PERCENT)     75

WEATHER CONDITIONS. NUMBER OF DAYS WITH
THUNDERSTORM              0     MIXED PRECIP               0
HEAVY RAIN                0     RAIN                       7
LIGHT RAIN               23     FREEZING RAIN              0
LT FREEZING RAIN          0     HAIL                       0
HEAVY SNOW                0     SNOW                       1
LIGHT SNOW                2     SLEET                      0
FOG                      16     FOG W/VIS <= 1/4 MILE      1
HAZE                      3

-  INDICATES NEGATIVE NUMBERS.
R  INDICATES RECORD WAS SET OR TIED.
MM INDICATES DATA IS MISSING.
T  INDICATES TRACE AMOUNT.

$$
