818
CXUS52 KCAE 011500
CLMAGS


CLIMATE REPORT
NATIONAL WEATHER SERVICE COLUMBIA SC
1046 AM EDT TUE MAY 1 2018

...................................

...THE AUGUSTA BUSH FIELD GA CLIMATE SUMMARY FOR THE MONTH OF APRIL 2018...

CLIMATE NORMAL PERIOD 1981 TO 2010
CLIMATE RECORD PERIOD 1873 TO 2018

WEATHER         OBSERVED          NORMAL  DEPART
                 VALUE   DATE(S)  VALUE   FROM
                                          NORMAL
................................................
TEMPERATURE (F)
RECORD
 HIGH              96   04/27/1986
 LOW               26   04/08/2007
                        04/07/1982
                        04/20/1983
HIGHEST            87   04/03        MM      MM
LOWEST             34   04/05        MM      MM
AVG. MAXIMUM     75.1              77.3    -2.2
AVG. MINIMUM     46.1              48.1    -2.0
MEAN             60.6              62.7    -2.1
DAYS MAX >= 90      0               0.8    -0.8
DAYS MAX <= 32      0               0.0     0.0
DAYS MIN <= 32      0               0.9    -0.9
DAYS MIN <= 0       0               0.0     0.0

PRECIPITATION (INCHES)
RECORD
 MAXIMUM         8.43   1961
 MINIMUM         0.60   1970
TOTALS           3.47              2.84    0.63
DAILY AVG.       0.12              0.09    0.03
DAYS >= .01         9               7.5     1.5
DAYS >= .10         4               5.1    -1.1
DAYS >= .50         2               2.0     0.0
DAYS >= 1.00        1               0.7     0.3
GREATEST
 24 HR. TOTAL    1.56   04/23 TO 04/23
 STORM TOTAL       MM
 (MM/DD(HH))            MM

SNOWFALL (INCHES)
RECORDS
 TOTAL             MM   MM
TOTALS            0.0               0.0     0.0
SINCE 7/1           T               0.9    -0.9
DAYS >= TRACE       0               0.0     0.0
DAYS >= 1.0         0               0.0     0.0
GREATEST
 SNOW DEPTH         0   MM

DEGREE_DAYS
HEATING TOTAL     141               124      17
 SINCE 7/1       2162              2452    -290
COOLING TOTAL      18                55     -37
 SINCE 1/1         83                73      10

FREEZE DATES
RECORD
 EARLIEST     MM
 LATEST       MM
EARLIEST                        MM
LATEST                          MM
.................................................

WIND (MPH)
AVERAGE WIND SPEED              6.7
RESULTANT WIND SPEED/DIRECTION   2/239
HIGHEST WIND SPEED/DIRECTION    33/200    DATE  04/15
HIGHEST GUST SPEED/DIRECTION    51/210    DATE  04/15

SKY COVER
POSSIBLE SUNSHINE (PERCENT)   MM
AVERAGE SKY COVER           0.30
NUMBER OF DAYS FAIR           19
NUMBER OF DAYS PC              6
NUMBER OF DAYS CLOUDY          5

AVERAGE RH (PERCENT)     67

WEATHER CONDITIONS. NUMBER OF DAYS WITH
THUNDERSTORM              3     MIXED PRECIP               0
HEAVY RAIN                4     RAIN                       5
LIGHT RAIN                8     FREEZING RAIN              0
LT FREEZING RAIN          0     HAIL                       0
HEAVY SNOW                0     SNOW                       0
LIGHT SNOW                0     SLEET                      0
FOG                      21     FOG W/VIS <= 1/4 MILE      5
HAZE                      5

-  INDICATES NEGATIVE NUMBERS.
R  INDICATES RECORD WAS SET OR TIED.
MM INDICATES DATA IS MISSING.
T  INDICATES TRACE AMOUNT.

$$
