907
CXUS55 KVEF 010843
CLMBIH


CLIMATE REPORT
NATIONAL WEATHER SERVICE LAS VEGAS, NV
142 AM PDT TUE MAY 1 2018

...................................

...THE BISHOP CA CLIMATE SUMMARY FOR THE MONTH OF APRIL 2018...

CLIMATE NORMAL PERIOD 1981 TO 2010
CLIMATE RECORD PERIOD 1943 TO 2018

WEATHER         OBSERVED          NORMAL  DEPART  LAST YEAR`S
                 VALUE   DATE(S)  VALUE   FROM    VALUE  DATE(S)
                                          NORMAL
................................................................
TEMPERATURE (F)
RECORD
 HIGH              93   04/08/1989
                        04/07/1989
                        04/30/1981
 LOW               15   04/09/1953
HIGHEST            89   04/26        72      17       83  04/22
LOWEST             29   04/14        36      -7       26  04/09
AVG. MAXIMUM     77.2              72.7     4.5     73.2
AVG. MINIMUM     41.0              36.3     4.7     37.9
MEAN             59.1              54.5     4.6     55.6
DAYS MAX >= 90      0               0.5    -0.5        0
DAYS MAX <= 32      0               0.0     0.0        0
DAYS MIN <= 32      4               7.3    -3.3        5
DAYS MIN <= 0       0               0.0     0.0        0

PRECIPITATION (INCHES)
RECORD
 MAXIMUM         2.26   1956
 MINIMUM         0.00   2008
                        1997
                        1993
TOTALS           0.40              0.26    0.14     0.92
DAILY AVG.       0.01              0.01    0.00     0.03
DAYS >= .01         2               1.9     0.1        2
DAYS >= .10         1               0.7     0.3        1
DAYS >= .50         0               0.1    -0.1        1
DAYS >= 1.00        0               0.0     0.0        0
GREATEST
 24 HR. TOTAL    0.31   04/07 TO 04/07

SNOWFALL (INCHES)
RECORDS
 TOTAL            8.8   1956
 24 HR TOTAL      8.8
TOTALS            0.0               0.1    -0.1      0.0
SINCE 7/1         0.2
SNOWDEPTH AVG.      0
DAYS >= TRACE       0
DAYS >= 1.0         0
GREATEST
 SNOW DEPTH         0
 24 HR TOTAL      0.0   04/29 TO 04/29
 STORM TOTAL       MM
 (MM/DD(HH))

DEGREE_DAYS
HEATING TOTAL     183               319    -136      275
 SINCE 7/1       3564              4042    -478     3684
COOLING TOTAL      12                 4       8        0
 SINCE 1/1         12                 4       8        0

FREEZE DATES
RECORD
 EARLIEST     09/20/1986
 LATEST       06/07/1988
EARLIEST                        10/15
LATEST                          05/03
.................................................................

WIND (MPH)
AVERAGE WIND SPEED              10.0
HIGHEST WIND SPEED/DIRECTION    37/260    DATE  04/11
HIGHEST GUST SPEED/DIRECTION    50/250    DATE  04/15

SKY COVER
POSSIBLE SUNSHINE (PERCENT)   MM
AVERAGE SKY COVER           0.10
NUMBER OF DAYS FAIR           27
NUMBER OF DAYS PC              3
NUMBER OF DAYS CLOUDY          0

AVERAGE RH (PERCENT)     30

WEATHER CONDITIONS. NUMBER OF DAYS WITH
THUNDERSTORM              0     MIXED PRECIP               0
HEAVY RAIN                1     RAIN                       1
LIGHT RAIN                4     FREEZING RAIN              0
LT FREEZING RAIN          0     HAIL                       0
HEAVY SNOW                0     SNOW                       0
LIGHT SNOW                0     SLEET                      0
FOG                       2     FOG W/VIS <= 1/4 MILE      0
HAZE                      1

-  INDICATES NEGATIVE NUMBERS.
R  INDICATES RECORD WAS SET OR TIED.
MM INDICATES DATA IS MISSING.
T  INDICATES TRACE AMOUNT.

$$
