000
CXUS52 KMLB 011600
CLMDAB


CLIMATE REPORT
NATIONAL WEATHER SERVICE MELBOURNE FL
1035 AM EDT SUN APR 1 2018

...................................

...THE DAYTONA BEACH CLIMATE SUMMARY FOR THE MONTH OF MARCH 2018...

CLIMATE NORMAL PERIOD 1981 TO 2010
CLIMATE RECORD PERIOD 1923 TO 2018

WEATHER         OBSERVED          NORMAL  DEPART  LAST YEAR`S
                 VALUE   DATE(S)  VALUE   FROM    VALUE
                                          NORMAL
.............................................................
TEMPERATURE (F)
MONTHLY RECORD
 HOTTEST         70.1   1945
 COLDEST         57.9   1969
DAILY RECORD
 HIGH              92   03/28/1994
                        03/24/1935
                        03/23/1935
 LOW               26   03/03/1980
MARCH 2018
HIGHEST            86   03/30                         89
                        03/01
LOWEST             35   03/09                         37
AVG. MAXIMUM     74.1              74.5    -0.4     76.5
AVG. MINIMUM     51.0              54.2    -3.2     55.5
MEAN             62.6              64.3    -1.7     66.0
DAYS MAX >= 90      0               0.0     0.0        0
DAYS MAX <= 32      0               0.0     0.0        0
DAYS MIN <= 32      0               0.1    -0.1        0
DAYS MIN <= 0       0               0.0     0.0        0

PRECIPITATION (INCHES)
MONTHLY RECORD
RECORD
 MAXIMUM        12.15   1996
 MINIMUM         0.08   2006
DAILY RECORD
 MAXIMUM         4.98   03/22/1953
MARCH 2018
TOTALS           1.61              4.24   -2.63     1.07
DAYS >= .01         7               8.2    -1.2        7
DAYS >= .10         4               5.3    -1.3        5
DAYS >= .50         2               2.8    -0.8        0
DAYS >= 1.00        0               1.5    -1.5        0
GREATEST
 24 HR. TOTAL    0.77   03/20 TO 03/20

SNOWFALL (INCHES)
TOTALS            0.0               0.0     0.0      0.0
SINCE 7/1         0.0               0.0     0.0      0.0
DAYS >= TRACE       0                                  0

DEGREE_DAYS
HEATING TOTAL     139                97      42       82
 SINCE 7/1        636               779    -143      388
COOLING TOTAL      70                77      -7      121
 SINCE 1/1        232               142      90      241
..............................................................

WIND (MPH)
AVERAGE WIND SPEED              7.7
HIGHEST WIND SPEED/DIRECTION    26/300    DATE  03/12
HIGHEST GUST SPEED/DIRECTION    36/300    DATE  03/12

SKY COVER
POSSIBLE SUNSHINE (PERCENT)   MM
AVERAGE SKY COVER           0.40
NUMBER OF DAYS FAIR           16
NUMBER OF DAYS PC             12
NUMBER OF DAYS CLOUDY          3

AVERAGE RH (PERCENT)     68

WEATHER CONDITIONS. NUMBER OF DAYS WITH
THUNDERSTORM              2     MIXED PRECIP                0
HEAVY RAIN                3     RAIN                        4
LIGHT RAIN                8     LT FREEZING RAIN            0
HAIL                      1     LIGHT SNOW                  0
SLEET                     0     FOG                        13
FOG W/VIS <= 1/4 MILE     0     HAZE                        4

-  INDICATES NEGATIVE NUMBERS.
R  INDICATES RECORD WAS SET OR TIED.
MM INDICATES DATA IS MISSING.
T  INDICATES TRACE AMOUNT.

$$
