000
CXUS56 KPQR 011144
CLMEUG


CLIMATE REPORT
NATIONAL WEATHER SERVICE PORTLAND OREGON
444 AM PDT TUE MAY 1 2018

...................................

...THE EUGENE OR CLIMATE SUMMARY FOR THE MONTH OF APRIL 2018...

CLIMATE NORMAL PERIOD 1981 TO 2010
CLIMATE RECORD PERIOD 1892 TO 2018

WEATHER         OBSERVED          NORMAL  DEPART  LAST YEAR`S
                 VALUE   DATE(S)  VALUE   FROM    VALUE  DATE(S)
                                          NORMAL
................................................................
TEMPERATURE (F)
HIGHEST            79                                 71  04/29
LOWEST             30                                 33  04/15
AVG. MAXIMUM     59.8              60.8    -1.0     59.1
AVG. MINIMUM     40.3              39.5     0.8     40.9
MEAN             50.0              50.2    -0.2     50.0
DAYS MAX >= 90      0               0.0     0.0        0
DAYS MAX <= 32      0               0.0     0.0        0
DAYS MIN <= 32      2               1.9     0.1        0
DAYS MIN <= 0       0               0.0     0.0        0

PRECIPITATION (INCHES)
RECORD
 MAXIMUM         7.85   1993
 MINIMUM         0.49   1985
TOTALS           3.83              3.33    0.50     3.65
DAYS >= .01        14              14.5    -0.5       23
DAYS >= .10         9               8.6     0.4       12
DAYS >= .50         2               1.8     0.2        1
DAYS >= 1.00        1               0.4     0.6        0
GREATEST
 24 HR. TOTAL    1.23   04/07 TO 04/07

DEGREE_DAYS
HEATING TOTAL     442               446      -4      442
 SINCE 7/1       4424              4342      82     4167
COOLING TOTAL       0                 0       0        0
 SINCE 1/1          0                 0       0        0
.................................................................

WIND (MPH)
AVERAGE WIND SPEED              7.5
RESULTANT WIND SPEED/DIRECTION   2/221
HIGHEST WIND SPEED/DIRECTION    37/200    DATE  04/07
HIGHEST GUST SPEED/DIRECTION    49/210    DATE  04/07

SKY COVER
POSSIBLE SUNSHINE (PERCENT)   MM
AVERAGE SKY COVER           0.70
NUMBER OF DAYS FAIR            4
NUMBER OF DAYS PC              9
NUMBER OF DAYS CLOUDY         17

AVERAGE RH (PERCENT)     78

WEATHER CONDITIONS. NUMBER OF DAYS WITH
THUNDERSTORM              0     MIXED PRECIP               0
HEAVY RAIN                3     RAIN                       3
LIGHT RAIN               18     FREEZING RAIN              0
LT FREEZING RAIN          0     HAIL                       0
HEAVY SNOW                0     SNOW                       0
LIGHT SNOW                0     SLEET                      0
FOG                      14     FOG W/VIS <= 1/4 MILE      2
HAZE                      2

-  INDICATES NEGATIVE NUMBERS.
R  INDICATES RECORD WAS SET OR TIED.
MM INDICATES DATA IS MISSING.
T  INDICATES TRACE AMOUNT.

$$
