000
CXUS53 KUNR 011624
CLMGCC


CLIMATE REPORT
NATIONAL WEATHER SERVICE RAPID CITY SD
1020 AM MDT SUN APR 1 2018

...................................

...THE GILLETTE AIRPORT WY CLIMATE SUMMARY FOR THE MONTH OF MARCH 2018...

CLIMATE NORMAL PERIOD 1981 TO 2010
CLIMATE RECORD PERIOD 9999 TO 9999

WEATHER         OBSERVED          NORMAL  DEPART  LAST YEAR`S
                 VALUE   DATE(S)  VALUE   FROM    VALUE  DATE(S)
                                          NORMAL
................................................................
TEMPERATURE (F)
HIGHEST            66   03/14                         79  03/18
LOWEST              6   03/31                         11  03/08
AVG. MAXIMUM     46.0              47.0    -1.0     54.6
AVG. MINIMUM     23.4              22.4     1.0     29.5
MEAN             34.7              34.7     0.0     42.1
DAYS MAX >= 90      0                                  0
DAYS MAX <= 32      3                                  1
DAYS MIN <= 32     30                                 14
DAYS MIN <= 0       0                                  0

PRECIPITATION (INCHES)
TOTALS           1.86              0.96    0.90     0.79
DAILY AVG.       0.06              0.03    0.03     0.03
DAYS >= .01        10                                  8
DAYS >= .10         6                                  3
DAYS >= .50         1                                  0
DAYS >= 1.00        0                                  0
GREATEST
 24 HR. TOTAL    0.67   03/26 TO 03/26              0.32

DEGREE_DAYS
HEATING TOTAL     904               939     -35      705
 SINCE 7/1       6388              6347      41     5462
COOLING TOTAL       0                 0       0        0
 SINCE 1/1          0                 0       0        0
.................................................................

WIND (MPH)
AVERAGE WIND SPEED              11.2
HIGHEST WIND SPEED/DIRECTION    43/310    DATE  03/05
HIGHEST GUST SPEED/DIRECTION    58/310    DATE  03/05

AVERAGE RH (PERCENT)     67

WEATHER CONDITIONS. NUMBER OF DAYS WITH
THUNDERSTORM              0     MIXED PRECIP               0
HEAVY RAIN                0     RAIN                       1
LIGHT RAIN                4     FREEZING RAIN              0
LT FREEZING RAIN          0     HAIL                       0
HEAVY SNOW                1     SNOW                       3
LIGHT SNOW               13     SLEET                      0
FOG                      16     FOG W/VIS <= 1/4 MILE      5
HAZE                      6

-  INDICATES NEGATIVE NUMBERS.
R  INDICATES RECORD WAS SET OR TIED.
MM INDICATES DATA IS MISSING.
T  INDICATES TRACE AMOUNT.

$$
