000
CXHW50 PHFO 011945
CLMHNL


CLIMATE REPORT
NATIONAL WEATHER SERVICE HONOLULU HI
943 AM HST TUE MAY 1 2018

...................................

...THE HONOLULU HI CLIMATE SUMMARY FOR THE MONTH OF APRIL 2018...

CLIMATE NORMAL PERIOD 1981 TO 2010
CLIMATE RECORD PERIOD 1946 TO 2018

WEATHER         OBSERVED          NORMAL  DEPART  LAST YEAR`S
                 VALUE   DATE(S)  VALUE   FROM    VALUE  DATE(S)
                                          NORMAL
................................................................
TEMPERATURE (F)
RECORD
 HIGH              91   04/28/1996
 LOW               56   04/22/1958
HIGHEST            86   04/13        83       3       87  04/26
                                                          04/24
                                                          04/12
LOWEST             63   04/29        68      -5       61  04/30
AVG. MAXIMUM     82.5              82.7    -0.2     84.2
AVG. MINIMUM     72.3              69.4     2.9     71.5
MEAN             77.4              76.1     1.3     77.8
DAYS MAX >= 90      0               0.0     0.0        0
DAYS MAX <= 32      0               0.0     0.0        0
DAYS MIN <= 32      0               0.0     0.0        0
DAYS MIN <= 0       0               0.0     0.0        0

PRECIPITATION (INCHES)
RECORD
 MAXIMUM         8.92   1963
 MINIMUM         0.01   1960
TOTALS           1.19              0.63    0.56     3.05
DAILY AVG.       0.04              0.02    0.02     0.10
DAYS >= .01        10               7.5     2.5        9
DAYS >= .10         2               2.1    -0.1        4
DAYS >= .50         1               0.1     0.9        2
DAYS >= 1.00        0               0.0     0.0        2
GREATEST
 24 HR. TOTAL    0.68   04/02 TO 04/02              1.35

SNOWFALL (INCHES)
RECORDS
 TOTAL             MM   5
TOTALS            0.0               0.0     0.0      0.0
SINCE 7/1         0.0               0.0     0.0      0.0
SNOWDEPTH AVG.     MM                MM      MM       MM
DAYS >= 1.0         0               0.0     0.0        0
GREATEST
 SNOW DEPTH        MM                                 MM  MM
 24 HR TOTAL      0.0   04/30 TO 04/30               0.0

DEGREE_DAYS
HEATING TOTAL       0                 0       0        0
 SINCE 7/1          0                 0       0        0
COOLING TOTAL     368               332      36      393
 SINCE 1/1       1354              1107     247     1277
.................................................................

WIND (MPH)
AVERAGE WIND SPEED              11.1
HIGHEST WIND SPEED/DIRECTION    29/070    DATE  04/24
HIGHEST GUST SPEED/DIRECTION    36/070    DATE  04/17

SKY COVER
POSSIBLE SUNSHINE (PERCENT)   MM
AVERAGE SKY COVER             MM
NUMBER OF DAYS FAIR            0
NUMBER OF DAYS PC              0
NUMBER OF DAYS CLOUDY          0

AVERAGE RH (PERCENT)     MM

WEATHER CONDITIONS. NUMBER OF DAYS WITH
THUNDERSTORM              2     MIXED PRECIP               0
HEAVY RAIN                0     RAIN                       0
LIGHT RAIN                0     FREEZING RAIN              0
LT FREEZING RAIN          0     HAIL                       0
HEAVY SNOW                0     SNOW                       0
LIGHT SNOW                0     SLEET                      0
FOG                       4     FOG W/VIS <= 1/4 MILE      0
HAZE                      0

-  INDICATES NEGATIVE NUMBERS.
R  INDICATES RECORD WAS SET OR TIED.
MM INDICATES DATA IS MISSING.
T  INDICATES TRACE AMOUNT.

$$
