000
CXUS53 KGID 082054 CCA
CLMHSI

CLIMATE REPORT...CORRECTED
NATIONAL WEATHER SERVICE HASTINGS NE
923 AM CDT TUE MAY 1 2018

...CORRECTED WEATHER CONDITION TOTALS...

...................................

...THE HASTINGS NE CLIMATE SUMMARY FOR THE MONTH OF APRIL 2018...

CLIMATE NORMAL PERIOD 1981 TO 2010
CLIMATE RECORD PERIOD 1894 TO 2018

WEATHER         OBSERVED          NORMAL  DEPART  LAST YEAR`S
                 VALUE   DATE(S)  VALUE   FROM    VALUE  DATE(S)
                                          NORMAL
................................................................
TEMPERATURE (F)
RECORD
 HIGH              96   04/23/1989
 LOW                5   04/03/1936
HIGHEST            83   04/30        85      -2       79  04/15
                                                          04/14
LOWEST             11   04/07        23     -12       23  04/11
AVG. MAXIMUM     55.6              62.9    -7.3     63.4
AVG. MINIMUM     30.6              38.6    -8.0     40.7
MEAN             43.1              50.7    -7.6     52.1
DAYS MAX >= 90      0               0.0     0.0        0
DAYS MAX <= 32      3               0.3     2.7        0
DAYS MIN <= 32     17               6.7    10.3        5
DAYS MIN <= 0       0               0.0     0.0        0

PRECIPITATION (INCHES)
RECORD
 MAXIMUM         9.26   1896
 MINIMUM         0.03   1989
TOTALS           1.26              2.56   -1.30     3.24
DAILY AVG.       0.04              0.09   -0.05     0.11
DAYS >= .01         9                MM      MM        6
DAYS >= .10         7                MM      MM        6
DAYS >= .50         0                MM      MM        3
DAYS >= 1.00        0                MM      MM        1
GREATEST
 24 HR. TOTAL    0.28   04/24 TO 04/24

SNOWFALL (INCHES)
RECORDS
 TOTAL           13.0   1944
TOTALS            6.9               1.2     5.7      0.2
SINCE 7/1        27.1              28.8    -1.7     10.5
SNOWDEPTH AVG.      0                MM      MM        0
DAYS >= 1.0         2                MM      MM        0
GREATEST
 SNOW DEPTH         3   04/02                          0  MM

DEGREE_DAYS
HEATING TOTAL     656               432     224      387
 SINCE 7/1       6141              5839     302     4980
COOLING TOTAL       7                 5       2        8
 SINCE 1/1          7                 5       2        8
.................................................................

WIND (MPH)
AVERAGE WIND SPEED              13.2
HIGHEST WIND SPEED/DIRECTION    45/350    DATE  04/14
HIGHEST GUST SPEED/DIRECTION    63/340    DATE  04/14

SKY COVER
POSSIBLE SUNSHINE (PERCENT)   MM
AVERAGE SKY COVER           0.40
NUMBER OF DAYS FAIR           15
NUMBER OF DAYS PC              9
NUMBER OF DAYS CLOUDY          6

AVERAGE RH (PERCENT)     66

WEATHER CONDITIONS. NUMBER OF DAYS WITH
THUNDERSTORM              0     MIXED PRECIP               0
HEAVY RAIN                0     RAIN                       3
LIGHT RAIN               10     FREEZING RAIN              0
LT FREEZING RAIN          0     HAIL                       0
HEAVY SNOW                1     SNOW                       2
LIGHT SNOW                6     SLEET                      0
FOG                       7     FOG W/VIS <= 1/4 MILE      1
HAZE                      1

-  INDICATES NEGATIVE NUMBERS.
R  INDICATES RECORD WAS SET OR TIED.
MM INDICATES DATA IS MISSING.
T  INDICATES TRACE AMOUNT.

$$
REED
