000
CXUS51 KCLE 011754
CLMMFD
CLIMATE REPORT
NATIONAL WEATHER SERVICE CLEVELAND, OH
154 PM EDT MON APR 01 2024
...................................
...THE MANSFIELD OH CLIMATE SUMMARY FOR THE MONTH OF MARCH 2024...
CLIMATE NORMAL PERIOD 1991 TO 2020
CLIMATE RECORD PERIOD 1916 TO 2024
WEATHER OBSERVED NORMAL DEPART LAST YEAR`S
VALUE DATE(S) VALUE FROM VALUE
NORMAL
..............................................................
TEMPERATURE (F)
RECORD
HIGH 84 03/22/2012
LOW -6 03/28/1980
HIGHEST 71 03/04
LOWEST 19 03/21
AVG. MAXIMUM 51.8 46.9 4.9 47.8
AVG. MINIMUM 33.8 28.7 5.1 29.8
MEAN 42.8 37.8 5.0 38.8
DAYS MAX >= 90 0 0.0 0.0 0
DAYS MAX <= 32 1 4.5 -3.5 3
DAYS MIN <= 32 15 20.9 -5.9 20
DAYS MIN <= 0 0 0.1 -0.1 0
PRECIPITATION (INCHES)
RECORD
MAXIMUM 7.04 1964
MINIMUM 1.16 1960
TOTALS 3.09 3.34 -0.25 4.63
DAYS >= .01 17 14.0 3.0 13
DAYS >= .10 7 7.6 -0.6 8
DAYS >= .50 1 2.0 -1.0 4
DAYS >= 1.00 0 0.5 -0.5 1
GREATEST
24 HR. TOTAL 0.88 03/14 TO 03/14 1.52
SNOWFALL (INCHES)
RECORDS
TOTAL 21.4 2008
TOTALS 0.4 7.6 -7.2 0.8
SINCE 7/1 8.4 47.3 -38.9 14.5
DAYS >= 1.0 0 2.4 -2.4 0
GREATEST
24 HR TOTAL 0.2 03/10 TO 03/10
DEGREE DAYS
HEATING TOTAL 658 844 -186 803
SINCE 7/1 4489 5276 -787 4629
COOLING TOTAL 0 1 -1 0
SINCE 1/1 0 1 -1 0
..............................................................
WIND (MPH)
AVERAGE WIND SPEED 10.1
HIGHEST WIND SPEED/DIRECTION 33/180 DATE 03/14
HIGHEST GUST SPEED/DIRECTION 48/160 DATE 03/26
SKY COVER
AVERAGE SKY COVER 0.54
AVERAGE RH (PERCENT) 69
WEATHER CONDITIONS. NUMBER OF DAYS WITH
THUNDERSTORM 3 MIXED PRECIP 0
HEAVY RAIN 2 RAIN 4
LIGHT RAIN 11 FREEZING RAIN 1
LT FREEZING RAIN 1 HAIL 0
HEAVY SNOW 0 SNOW 0
LIGHT SNOW 3 SLEET 0
FOG 13 FOG W/VIS <= 1/4 MILE 0
HAZE 1
- INDICATES NEGATIVE NUMBERS.
R INDICATES RECORD WAS SET OR TIED.
MM INDICATES DATA IS MISSING.
T INDICATES TRACE AMOUNT.
$$