000
CXUS55 KPSR 011350
CLMNYL

CLIMATE REPORT
NATIONAL WEATHER SERVICE PHOENIX AZ
647 AM MST SUN APR 1 2018

...................................

...THE YUMA AZ CLIMATE SUMMARY FOR THE MONTH OF MARCH 2018...

CLIMATE NORMAL PERIOD 1981 TO 2010
CLIMATE RECORD PERIOD 1876 TO 2018

WEATHER         OBSERVED          NORMAL  DEPART
                 VALUE   DATE(S)  VALUE   FROM
                                          NORMAL
................................................
TEMPERATURE (F)
RECORD
 HIGH             102   03/21/2004
 LOW               31   03/15/1881
HIGHEST            95   03/31        93       2
                        03/30
LOWEST             43   03/01        44      -1
AVG. MAXIMUM     79.6              79.9    -0.3
AVG. MINIMUM     54.2              54.4    -0.2
MEAN             66.9              67.2    -0.3
DAYS MAX >= 90      3               3.6    -0.6
DAYS MAX <= 32      0               0.0     0.0
DAYS MIN <= 32      0               0.0     0.0
DAYS MIN <= 0       0               0.0     0.0

PRECIPITATION (INCHES)
RECORD
 MAXIMUM         3.33   1905
 MINIMUM         0.00   2016
                        2011
                        2009
TOTALS           0.01              0.33   -0.32
DAYS >= .01         1               1.9    -0.9
DAYS >= .10         0               1.1    -1.1
DAYS >= .50         0               0.2    -0.2
DAYS >= 1.00        0               0.0     0.0
GREATEST
 24 HR. TOTAL    0.01   03/10 TO 03/10

DEGREE_DAYS
HEATING TOTAL      47                50      -3
 SINCE 7/1        406               673    -267
COOLING TOTAL     113               117      -4
 SINCE 1/1        165               153      12
.................................................

WIND (MPH)
AVERAGE WIND SPEED              6.4
HIGHEST GUST SPEED/DIRECTION    35/290    DATE  03/14

AVERAGE RH (PERCENT)     32

WEATHER CONDITIONS. NUMBER OF DAYS WITH
THUNDERSTORM              0     HEAVY RAIN                 0
RAIN                      0     LIGHT RAIN                 1
FOG W/VIS <= 1/4 MILE     0

-  INDICATES NEGATIVE NUMBERS.
R  INDICATES RECORD WAS SET OR TIED.
MM INDICATES DATA IS MISSING.
T  INDICATES TRACE AMOUNT.

$$
