000
CXUS51 KBOX 010920
CLMPVD


CLIMATE REPORT
NATIONAL WEATHER SERVICE BOSTON/NORTON MA
506 AM EDT SUN APR 1 2018

...................................

...THE PROVIDENCE RI CLIMATE SUMMARY FOR THE MONTH OF MARCH 2018...

CLIMATE NORMAL PERIOD 1981 TO 2010
CLIMATE RECORD PERIOD 1904 TO 2018

WEATHER         OBSERVED          NORMAL  DEPART  LAST YEAR`S
                 VALUE   DATE(S)  VALUE   FROM    VALUE
                                          NORMAL
.............................................................
TEMPERATURE (F)
RECORD
 HIGH              90   03/29/1945
 LOW                1   03/19/1967
                        03/04/1950
                        03/06/1948
HIGHEST            64   03/30
LOWEST             18   03/18
AVG. MAXIMUM     46.1              47.8    -1.7
AVG. MINIMUM     31.3              30.0     1.3
MEAN             38.7              38.9    -0.2
DAYS MAX >= 90      0               0.0     0.0
DAYS MAX <= 32      0               1.2    -1.2
DAYS MIN <= 32     19              18.1     0.9
DAYS MIN <= 0       0               0.0     0.0

PRECIPITATION (INCHES)
RECORD
 MAXIMUM        16.34   2010
 MINIMUM         0.07   1915
TOTALS           4.85              5.01   -0.16
DAYS >= .01        12              11.9     0.1
DAYS >= .10         4               7.7    -3.7
DAYS >= .50         3               3.0     0.0
DAYS >= 1.00        2               1.3     0.7
GREATEST
 24 HR. TOTAL    2.55   03/02 TO 03/02

SNOWFALL (INCHES)
RECORDS
 TOTAL           31.6   1956
 SNOW DEPTH        20   03/06/2015
TOTALS           13.1               5.5     7.6
SINCE 7/1        47.0              33.2    13.8
SNOWDEPTH AVG.      0
DAYS >= 1.0         2               1.6     0.4
GREATEST
 SNOW DEPTH         8   03/14
 24 HR TOTAL      9.5   03/13 TO 03/13

DEGREE_DAYS
HEATING TOTAL     810               809       1
 SINCE 7/1       4473              4871    -398
COOLING TOTAL       0                 0       0
 SINCE 1/1          0                 0       0
..............................................................

WIND (MPH)
AVERAGE WIND SPEED              12.7
RESULTANT WIND SPEED/DIRECTION   7/347
HIGHEST WIND SPEED/DIRECTION    47/020    DATE  03/02
HIGHEST GUST SPEED/DIRECTION    65/040    DATE  03/02

SKY COVER
POSSIBLE SUNSHINE (PERCENT)   MM
AVERAGE SKY COVER           0.60
NUMBER OF DAYS FAIR            7
NUMBER OF DAYS PC              9
NUMBER OF DAYS CLOUDY         13

AVERAGE RH (PERCENT)     64

WEATHER CONDITIONS. NUMBER OF DAYS WITH
THUNDERSTORM              0     MIXED PRECIP               0
HEAVY RAIN                1     RAIN                       3
LIGHT RAIN               13     FREEZING RAIN              0
LT FREEZING RAIN          0     HAIL                       0
HEAVY SNOW                1     SNOW                       3
LIGHT SNOW               12     SLEET                      0
FOG                      11     FOG W/VIS <= 1/4 MILE      2
HAZE                      1

-  INDICATES NEGATIVE NUMBERS.
R  INDICATES RECORD WAS SET OR TIED.
MM INDICATES DATA IS MISSING.
T  INDICATES TRACE AMOUNT.

$$

SIPPRELL
