000
CXUS56 KOTX 011343
CLMSFF
CLIMATE REPORT
NATIONAL WEATHER SERVICE SPOKANE WA
643 AM PDT MON APR 01 2024
...................................
...THE SPOKANE WA FELTS AIRPORT CLIMATE SUMMARY FOR THE MONTH OF MARCH 2024...
CLIMATE NORMAL PERIOD 1991 TO 2020
CLIMATE RECORD PERIOD 9999 TO 9999
WEATHER OBSERVED NORMAL DEPART LAST YEAR`S
VALUE DATE(S) VALUE FROM VALUE DATE(S)
NORMAL
................................................................
TEMPERATURE (F)
RECORD
HIGH 74 03/27/2015
LOW 2 03/01/2009
HIGHEST 72 03/19 MM MM 61 03/22
LOWEST 20 03/07 MM MM 19 03/01
AVG. MAXIMUM 53.3 51.3 2.0 48.3
AVG. MINIMUM 31.7 31.7 -0.0 29.2
MEAN 42.5 41.5 1.0 38.7
DAYS MAX >= 90 0 0.0 0.0 0
DAYS MAX <= 32 0 0.6 -0.6 0
DAYS MIN <= 32 16 18.1 -2.1 26
DAYS MIN <= 0 0 0.0 0.0 0
PRECIPITATION (INCHES)
RECORD
MAXIMUM 4.07 2012
MINIMUM 0.35 2021
TOTALS 1.14 1.82 -0.68 1.01
DAILY AVG. 0.04 0.06 -0.02 0.03
DAYS >= .01 12 13.1 -1.1 7
DAYS >= .10 4 7.0 -3.0 3
DAYS >= .50 0 0.4 -0.4 0
DAYS >= 1.00 0 0.0 0.0 0
GREATEST
24 HR. TOTAL 0.27 02/29 TO 02/29 0.39
DEGREE DAYS
HEATING TOTAL 692 729 -37 780
SINCE 7/1 4849 5136 -287 MM
COOLING TOTAL 0 0 0 0
SINCE 1/1 0 0 0 MM
................................................................
WIND (MPH)
AVERAGE WIND SPEED 4.2
HIGHEST WIND SPEED/DIRECTION 29/200 DATE 03/10
HIGHEST GUST SPEED/DIRECTION 43/150 DATE 03/09
SKY COVER
POSSIBLE SUNSHINE (PERCENT) MM
AVERAGE SKY COVER 0.41
NUMBER OF DAYS FAIR 13
NUMBER OF DAYS PC 16
NUMBER OF DAYS CLOUDY 2
AVERAGE RH (PERCENT) 67
WEATHER CONDITIONS. NUMBER OF DAYS WITH
THUNDERSTORM 1 MIXED PRECIP 0
HEAVY RAIN 2 RAIN 1
LIGHT RAIN 10 FREEZING RAIN 0
LT FREEZING RAIN 0 HAIL 0
HEAVY SNOW 0 SNOW 2
LIGHT SNOW 5 SLEET 0
FOG 10 FOG W/VIS <= 1/4 MILE 3
HAZE 2
- INDICATES NEGATIVE NUMBERS.
R INDICATES RECORD WAS SET OR TIED.
MM INDICATES DATA IS MISSING.
T INDICATES TRACE AMOUNT.
$$