000
CXUS53 KSGF 010646
CLMSGF


CLIMATE REPORT
NATIONAL WEATHER SERVICE SPRINGFIELD MO
145 AM CDT TUE MAY 1 2018

...................................

...THE SPRINGFIELD MO CLIMATE SUMMARY FOR THE MONTH OF APRIL 2018...

CLIMATE NORMAL PERIOD 1981 TO 2010
CLIMATE RECORD PERIOD 1888 TO 2018

WEATHER         OBSERVED          NORMAL  DEPART
                 VALUE   DATE(S)  VALUE   FROM
                                          NORMAL
................................................
TEMPERATURE (F)
RECORD
 HIGH              93   04/21/1963
 LOW               16   04/05/1920
HIGHEST            86   04/12        68      18
LOWEST             22   04/07        44     -22
AVG. MAXIMUM     62.9              67.2    -4.3
AVG. MINIMUM     39.0              44.3    -5.3
MEAN             50.9              55.8    -4.9
DAYS MAX >= 90      0               0.1    -0.1
DAYS MAX <= 32      0               0.0     0.0
DAYS MIN <= 32     11               2.9     8.1
DAYS MIN <= 0       0               0.0     0.0

PRECIPITATION (INCHES)
RECORD
 MAXIMUM        12.15   1945
 MINIMUM         0.15   1989
TOTALS           2.27              4.32   -2.05
DAILY AVG.       0.08              0.14   -0.06
DAYS >= .01        10              10.5    -0.5
DAYS >= .10         4               7.2    -3.2
DAYS >= .50         3               2.9     0.1
DAYS >= 1.00        0               1.2    -1.2
GREATEST
 24 HR. TOTAL    0.72   04/25 TO 04/25

SNOWFALL (INCHES)
TOTALS            0.7
SINCE 7/1         6.1
DAYS >= TRACE       4

DEGREE_DAYS
HEATING TOTAL     427               300     127
 SINCE 7/1       4252              4474    -222
COOLING TOTAL      12                22     -10
 SINCE 1/1         13                25     -12
.................................................

WIND (MPH)
AVERAGE WIND SPEED              11.7
HIGHEST WIND SPEED/DIRECTION    32/190    DATE  04/13
HIGHEST GUST SPEED/DIRECTION    42/180    DATE  04/12

SKY COVER
POSSIBLE SUNSHINE (PERCENT)   MM
AVERAGE SKY COVER           0.40
NUMBER OF DAYS FAIR           17
NUMBER OF DAYS PC              5
NUMBER OF DAYS CLOUDY          8

AVERAGE RH (PERCENT)     62

WEATHER CONDITIONS. NUMBER OF DAYS WITH
  2
  3
  1
  0
  0
  2
  2
HAZE                      1

-  INDICATES NEGATIVE NUMBERS.
R  INDICATES RECORD WAS SET OR TIED.
MM INDICATES DATA IS MISSING.
T  INDICATES TRACE AMOUNT.

$$
