836
CXUS51 KPHI 011932
CLMTTN


CLIMATE REPORT
NATIONAL WEATHER SERVICE MOUNT HOLLY NJ
319 PM EDT TUE MAY 1 2018

...................................

...THE TRENTON NJ CLIMATE SUMMARY FOR THE MONTH OF APRIL 2018...

CLIMATE NORMAL PERIOD 1981 TO 2010
CLIMATE RECORD PERIOD 1865 TO 2018

WEATHER         OBSERVED          NORMAL  DEPART  LAST YEAR`S
                 VALUE   DATE(S)  VALUE   FROM    VALUE
                                          NORMAL
.............................................................
TEMPERATURE (F)
RECORD
 HIGH              93   04/17/2002
                        04/18/1976
                        04/27/1915
 LOW               11   04/01/1923
HIGHEST            83                MM      MM       86
LOWEST             26                MM      MM       34
AVG. MAXIMUM     58.9              61.4    -2.5     67.1
AVG. MINIMUM     38.9              41.0    -2.1     46.9
MEAN             48.9              51.2    -2.3     57.0
DAYS MAX >= 90      0               0.2    -0.2        0
DAYS MAX <= 32      0               0.1    -0.1        0
DAYS MIN <= 32      7               2.8     4.2        0
DAYS MIN <= 0       0               0.0     0.0        0

PRECIPITATION (INCHES)
RECORD
 MAXIMUM         9.96   2007
 MINIMUM         0.10   1990
TOTALS           3.57              3.54    0.03     3.16
DAILY AVG.       0.12              0.12    0.00     0.11
DAYS >= .01        13                MM      MM       13
DAYS >= .10         7                MM      MM        6
DAYS >= .50         1                MM      MM        3
DAYS >= 1.00        1                MM      MM        0
GREATEST
 24 HR. TOTAL    1.85   04/16 TO 04/16              1.35

DEGREE_DAYS
HEATING TOTAL     484               422      62      261
 SINCE 7/1       4765              4968    -203     4268
COOLING TOTAL       6                 8      -2       31
 SINCE 1/1          9                 8       1       31
..............................................................

WIND (MPH)
AVERAGE WIND SPEED              8.7
HIGHEST WIND SPEED/DIRECTION    31/060    DATE  04/16
HIGHEST GUST SPEED/DIRECTION    46/250    DATE  04/04

SKY COVER
POSSIBLE SUNSHINE (PERCENT)   MM
AVERAGE SKY COVER           0.50
NUMBER OF DAYS FAIR           10
NUMBER OF DAYS PC             11
NUMBER OF DAYS CLOUDY          9

AVERAGE RH (PERCENT)     60

WEATHER CONDITIONS. NUMBER OF DAYS WITH
THUNDERSTORM              1     MIXED PRECIP               1
HEAVY RAIN                3     RAIN                       7
LIGHT RAIN               17     FREEZING RAIN              0
LT FREEZING RAIN          0     HEAVY SNOW                 0
SNOW                      0     LIGHT SNOW                 3
SLEET                     0     FOG                       15
FOG W/VIS <= 1/4 MILE     4     HAZE                       4

-  INDICATES NEGATIVE NUMBERS.
R  INDICATES RECORD WAS SET OR TIED.
MM INDICATES DATA IS MISSING.
T  INDICATES TRACE AMOUNT.

$$
