000
CXUS53 KDVN 021557 CCA
CLSIOW

CLIMATE REPORT
NATIONAL WEATHER SERVICE QUAD CITIES IA IL
957 AM CST FRI MAR 2 2018

...CORRECTED PRECIP SECTION...

...................................

...THE IOWA CITY IA CLIMATE SUMMARY FOR THE SEASON, FROM
12/1/2017 TO 2/28/2018...

CLIMATE NORMAL PERIOD 1981 TO 2010
CLIMATE RECORD PERIOD 9999 TO 9999

WEATHER         OBSERVED          NORMAL  DEPART
                 VALUE   DATE(S)  VALUE   FROM
                                          NORMAL
................................................
TEMPERATURE (F)
HIGHEST            68   12/04        40      28
LOWEST            -20   01/02        14     -34
                        01/01
AVG. MAXIMUM     34.2              32.4     1.8
AVG. MINIMUM     15.0              16.6    -1.6
MEAN             24.6              24.5     0.1
DAYS MAX >= 90      0
DAYS MAX <= 32     35
DAYS MIN <= 32     84
DAYS MIN <= 0      20

PRECIPITATION (INCHES)
TOTALS           3.54              3.68   -0.14
DAILY AVG.       0.04              0.04    0.00
DAYS >= .01        26
DAYS >= .10         9
DAYS >= .50         2
DAYS >= 1.00        0
GREATEST
 24 HR. TOTAL    1.42   02/19 TO 02/20

DEGREE_DAYS
HEATING TOTAL    3614              3644     -30
 SINCE 7/1       4709              4950    -241
COOLING TOTAL       0                 0       0
 SINCE 1/1          0                 0       0
.................................................

WIND (MPH)
AVERAGE WIND SPEED              8.6
HIGHEST WIND SPEED/DIRECTION    35/300    DATE  12/13
HIGHEST GUST SPEED/DIRECTION    49/310    DATE  12/13

SKY COVER
POSSIBLE SUNSHINE (PERCENT)   MM
AVERAGE SKY COVER           0.40
NUMBER OF DAYS FAIR           40
NUMBER OF DAYS PC             30
NUMBER OF DAYS CLOUDY         20

AVERAGE RH (PERCENT)     68

WEATHER CONDITIONS. NUMBER OF DAYS WITH
THUNDERSTORM              5     HAIL                       0
SLEET                     0     FOG                       33
FOG W/VIS <= 1/4 MILE     9     HAZE                      33

-  INDICATES NEGATIVE NUMBERS.
R  INDICATES RECORD WAS SET OR TIED.
MM INDICATES DATA IS MISSING.
T  INDICATES TRACE AMOUNT.

$$
