000
CXUS53 KBIS 011611
CLSISN

...THE WILLISTON ND CLIMATE SUMMARY FOR THE SEASON, FROM
12/1/2017 TO 2/28/2018...

CLIMATE NORMAL PERIOD 1981 TO 2010
CLIMATE RECORD PERIOD 1894 TO 2018

WEATHER         OBSERVED          NORMAL  DEPART  LAST YEAR`S
                 VALUE   DATE(S)  VALUE   FROM    VALUE  DATE(S)
                                          NORMAL
................................................................
TEMPERATURE (F)
RECORD
 HIGH              66   02/27/1992
                        02/27/1932
 LOW              -50   12/23/1983
                        02/16/1936
HIGHEST            51   12/12        MM      MM       52  02/16
LOWEST            -31   02/12        MM      MM      -27  01/07
                        12/31
AVG. MAXIMUM     22.0              24.5    -2.5     22.5
AVG. MINIMUM     -0.5               3.2    -3.7      5.1
MEAN             10.8              13.8    -3.0     13.8
DAYS MAX >= 90      0               0.0     0.0        0
DAYS MAX <= 32     59              57.3     1.7       61
DAYS MIN <= 32     89              89.3    -0.3       86
DAYS MIN <= 0      45              36.0     9.0       34

PRECIPITATION (INCHES)
RECORD
 MAXIMUM         4.76   2009
 MINIMUM         0.58   2012
TOTALS           1.11              1.60   -0.49     2.10
DAILY AVG.       0.01              0.02   -0.01     0.02
DAYS >= .01        16              22.1    -6.1       29
DAYS >= .10         6               4.5     1.5        7
DAYS >= .50         0               0.4    -0.4        0
DAYS >= 1.00        0               0.0     0.0        0
GREATEST
 24 HR. TOTAL    0.18

DEGREE_DAYS
HEATING TOTAL    4840
COOLING TOTAL       0
.................................................................

WIND (MPH)
HIGHEST WIND SPEED/DIRECTION    36/330    DATE  12/11
HIGHEST GUST SPEED/DIRECTION    50/320    DATE  12/12



-  INDICATES NEGATIVE NUMBERS.
R  INDICATES RECORD WAS SET OR TIED.
MM INDICATES DATA IS MISSING.
T  INDICATES TRACE AMOUNT.
...................................
$$
