000
CXUS51 KRLX 011136 CCA
CF6BKW
PRELIMINARY LOCAL CLIMATOLOGICAL DATA (WS FORM: F-6)
STATION: BECKLEY WV
MONTH: MARCH
YEAR: 2021
LATITUDE: 37 46 N
LONGITUDE: 81 7 W
TEMPERATURE IN F: :PCPN: SNOW: WIND :SUNSHINE: SKY :PK WND
================================================================================
1 2 3 4 5 6A 6B 7 8 9 10 11 12 13 14 15 16 17 18
12Z AVG MX 2MIN
DY MAX MIN AVG DEP HDD CDD WTR SNW DPTH SPD SPD DIR MIN PSBL S-S WX SPD DR
================================================================================
1 53 31 42 4 23 0 0.76 0.0 0 12.3 26 330 M M 7 1 36 320
2 45 23 34 -4 31 0 0.00 0.0 0 4.8 18 340 M M 2 25 320
3 54 23 39 1 26 0 0.00 0.0 0 5.2 15 310 M M 0 19 310
4 51 28 40 2 25 0 0.00 0.0 0 11.3 24 320 M M 0 31 290
5 38 19 29 -10 36 0 0.00 0.0 0 10.4 21 320 M M 2 30 350
6 42 26 34 -5 31 0 0.00 0.0 0 8.8 18 300 M M 1 29 290
7 44 20 32 -7 33 0 0.00 0.0 0 7.0 17 310 M M 1 26 340
8 57 21 39 -1 26 0 0.00 0.0 0 5.1 15 310 M M 0 20 290
9 63 34 49 9 16 0 0.00 0.0 0 6.2 17 310 M M 0 23 320
10 70 36 53 13 12 0 0.00 0.0 0 6.9 18 220 M M 0 24 220
11 69 45 57 17 8 0 0.00 0.0 0 8.3 20 230 M M 2 26 210
12 60 44 52 11 13 0 0.08 0.0 0 7.4 20 260 M M 8 1 27 240
13 55 34 45 4 20 0 0.00 0.0 0 4.1 10 340 M M 1 14 160
14 50 28 39 -2 26 0 0.00 0.0 0 5.6 16 330 M M 0 19 320
15 48 32 40 -2 25 0 0.16 0.0 0 10.2 21 140 M M 6 1 29 140
16 70 34 52 10 13 0 0.00 0.0 0 8.2 17 280 M M 6 24 280
17 69 40 55 13 10 0 T 0.0 0 5.6 21 170 M M 3 28 160
18 58 48 53 11 12 0 0.88 0.0 0 9.5 21 160 M M 10 1 29 160
19 49 33 41 -2 24 0 0.19 0.0 0 10.8 17 10 M M 5 1 31 360
20 56 25 41 -2 24 0 0.00 0.0 0 5.4 15 100 M M 0 19 120
21 60 36 48 4 17 0 0.00 0.0 0 9.5 17 120 M M 0 8 24 130
22 63 37 50 6 15 0 0.00 0.0 0 8.8 15 120 M M 0 23 130
23 60 43 52 8 13 0 0.00 0.0 0 11.1 22 130 M M 5 33 130
24 72 51 62 17 3 0 T 0.0 0 7.7 20 140 M M 7 28 120
25 64 48 56 11 9 0 0.45 0.0 0 8.7 21 220 M M 3 1 28 170
26 69 47 58 13 7 0 0.30 0.0 0 10.2 24 280 M M 3 1 33 290
27 63 39 51 5 14 0 0.27 0.0 0 6.0 14 140 M M 1 1 20 160
28 62 36 49 3 16 0 1.14 0.0 0 13.5 30 310 M M 9 1 42 300
29 56 31 44 -2 21 0 0.00 0.0 0 7.0 16 300 M M 1 24 290
30 70 44 57 10 8 0 0.00 0.0 0 11.1 20 160 M M 0 27 160
31 58 35 47 0 18 0 0.62 T 0 8.8 21 340 M M 8 1 26 320
================================================================================
SM 1798 1071 575 0 4.85 T 255.5 M 91
================================================================================
AV 58.0 34.5 8.2 FASTST M M 3 MAX(MPH)
MISC ----> 30 310 42 300
================================================================================
NOTES:
# LAST OF SEVERAL OCCURRENCES
COLUMN 17 PEAK WIND IN M.P.H.
PRELIMINARY LOCAL CLIMATOLOGICAL DATA (WS FORM: F-6) , PAGE 2
STATION: BECKLEY WV
MONTH: MARCH
YEAR: 2021
LATITUDE: 37 46 N
LONGITUDE: 81 7 W
[TEMPERATURE DATA] [PRECIPITATION DATA] SYMBOLS USED IN COLUMN 16
AVERAGE MONTHLY: 46.3 TOTAL FOR MONTH: 4.85 1 = FOG OR MIST
DPTR FM NORMAL: 4.2 DPTR FM NORMAL: 1.28 2 = FOG REDUCING VISIBILITY
HIGHEST: 72 ON 24 GRTST 24HR 1.26 ON 27-28 TO 1/4 MILE OR LESS
LOWEST: 19 ON 5 3 = THUNDER
SNOW, ICE PELLETS, HAIL 4 = ICE PELLETS
TOTAL MONTH: T 5 = HAIL
GRTST 24HR T ON 31-31 6 = FREEZING RAIN OR DRIZZLE
GRTST DEPTH: 0 7 = DUSTSTORM OR SANDSTORM:
VSBY 1/2 MILE OR LESS
8 = SMOKE OR HAZE
[NO. OF DAYS WITH] [WEATHER - DAYS WITH] 9 = BLOWING SNOW
X = TORNADO
MAX 32 OR BELOW: 0 0.01 INCH OR MORE: 10
MAX 90 OR ABOVE: 0 0.10 INCH OR MORE: 9
MIN 32 OR BELOW: 12 0.50 INCH OR MORE: 4
MIN 0 OR BELOW: 0 1.00 INCH OR MORE: 1
[HDD (BASE 65) ]
TOTAL THIS MO. 575 CLEAR (SCALE 0-3) 20
DPTR FM NORMAL -137 PTCLDY (SCALE 4-7) 9
TOTAL FM JUL 1 4289 CLOUDY (SCALE 8-10) 2
DPTR FM NORMAL -422
[CDD (BASE 65) ]
TOTAL THIS MO. 0
DPTR FM NORMAL -1 [PRESSURE DATA]
TOTAL FM JAN 1 0 HIGHEST SLP 30.59 ON 8
DPTR FM NORMAL -1 LOWEST SLP 29.56 ON 18
[REMARKS]
#FINAL-03-21#