000
CXUS51 KRLX 041123
CLSBKW
CLIMATE REPORT
NATIONAL WEATHER SERVICE CHARLESTON WV
723 AM EDT SAT SEP 04 2021
...................................
...THE BECKLEY WV CLIMATE SUMMARY FOR THE SEASON, FROM
6/1/2021 TO 8/31/2021...
CLIMATE NORMAL PERIOD: 1991 TO 2020
CLIMATE RECORD PERIOD: 1893 TO 2021
WEATHER OBSERVED NORMAL DEPART LAST YEAR`S
VALUE DATE(S) VALUE FROM VALUE
NORMAL
..............................................................
TEMPERATURE (F)
RECORD
HIGH 103 08/11/1926
07/21/1926
LOW 32 06/11/1972
06/01/1955
06/15/1933
HIGHEST 89 08/09 90
08/12
LOWEST 45 06/23 41
AVG. MAXIMUM 80.8 79.5 1.3 80.6
AVG. MINIMUM 61.5 60.7 0.8 62.0
MEAN 71.2 70.1 1.1 71.3
DAYS MAX >= 90 0 0.9 -0.9 2
DAYS MAX <= 32 0 0.0 0.0 0
DAYS MAX >= 80 65 62
DAYS MIN <= 32 0 0.0 0.0 0
DAYS MIN <= 0 0 0.0 0.0 0
DAYS MIN <= 10 0 0
DAYS MIN <= -5 0 0
PRECIPITATION (INCHES)
RECORD
MAXIMUM 23.74 1940
MINIMUM 5.12 1899
TOTALS 15.25 12.98 2.27 16.46
DAILY AVG. 0.17 0.14 0.03 0.18
DAYS >= .01 43 38.7 4.3 45
DAYS >= .10 27 25.1 1.9 32
DAYS >= .50 13 8.6 4.4 9
DAYS >= 1.00 2 2.8 -0.8 3
GREATEST
24 HR. TOTAL 1.77 08/25 TO 08/25 2.35
SNOWFALL (INCHES)
RECORDS
TOTAL MM MM
24 HR TOTAL MM
TOTALS 0.0 0.0 0.0 0.0
SINCE 7/1 0.0 0.0 0.0 MM
DAYS >= TRACE 0 0.0 0.0 0
DAYS >= 1.0 0 0.0 0.0 0
DAYS >= 3.0 0 0
GREATEST
SNOW DEPTH 0 0
24 HR TOTAL 0.0 0.0
DEGREE DAYS
HEATING TOTAL 27 45 -18 35
SINCE 7/1 4 9 -5 MM
COOLING TOTAL 621 516 105 646
SINCE 1/1 672 578 94 MM
..............................................................
WIND (MPH)
AVERAGE WIND SPEED 5.2
HIGHEST WIND SPEED/DIRECTION 36/290 DATE 08/25
HIGHEST GUST SPEED/DIRECTION 46/300 DATE 08/25
SKY COVER
POSSIBLE SUNSHINE (PERCENT) MM
AVERAGE SKY COVER 0.35
NUMBER OF DAYS FAIR 50
NUMBER OF DAYS PC 29
NUMBER OF DAYS CLOUDY 11
AVERAGE RH (PERCENT) 76
WEATHER CONDITIONS. NUMBER OF DAYS WITH
THUNDERSTORM 0 MIXED PRECIP 0
HEAVY RAIN 21 RAIN 21
LIGHT RAIN 48 FREEZING RAIN 0
LT FREEZING RAIN 0 HAIL 0
HEAVY SNOW 0 SNOW 0
LIGHT SNOW 0 SLEET 0
FOG 52 FOG W/VIS <= 1/4 MILE 9
HAZE 5
- INDICATES NEGATIVE NUMBERS.
R INDICATES RECORD WAS SET OR TIED.
MM INDICATES DATA IS MISSING.
T INDICATES TRACE AMOUNT.
$$