013
CXUS51 KRLX 031245
CLSCKB
CLIMATE REPORT
NATIONAL WEATHER SERVICE CHARLESTON WV
733 AM EST TUE MAR 3 2020
...................................
...THE CLARKSBURG WV CLIMATE SUMMARY FOR THE SEASON, FROM
12/1/2019 TO 2/29/2020...
CLIMATE NORMAL PERIOD 1981 TO 2010
CLIMATE RECORD PERIOD 1922 TO 2020
WEATHER OBSERVED NORMAL DEPART LAST YEAR`S
VALUE DATE(S) VALUE FROM VALUE
NORMAL
.............................................................
TEMPERATURE (F)
RECORD
HIGH 79 02/20/2018
LOW -24 01/19/1994
HIGHEST 76 01/11 71
LOWEST 13 02/15 -6
01/22
AVG. MAXIMUM 49.6 41.9 7.7 46.9
AVG. MINIMUM 31.0 24.4 6.6 28.9
MEAN 40.3 33.1 7.2 37.9
DAYS MAX >= 90 0 0.0 0.0 0
DAYS MAX <= 32 3 20.3 -17.3 13
DAYS MIN <= 32 52 70.6 -18.6 60
DAYS MIN <= 0 0 1.3 -1.3 2
PRECIPITATION (INCHES)
RECORD
MAXIMUM 18.75 1979
MINIMUM 4.81 1977
TOTALS 12.91 9.70 3.21 12.87
DAILY AVG. 0.14 0.11 0.03 0.15
DAYS >= .01 48 MM MM 47
DAYS >= .10 28 MM MM 31
DAYS >= .50 13 MM MM 9
DAYS >= 1.00 1 MM MM 1
GREATEST
24 HR. TOTAL 1.11 MM
DEGREE_DAYS
HEATING TOTAL 2224 2869 -645 2423
SINCE 7/1 3103 3989 -886 3416
COOLING TOTAL 3 1 2 0
SINCE 1/1 3 0 3 0
..............................................................
WIND (MPH)
AVERAGE WIND SPEED 6.1
HIGHEST WIND SPEED/DIRECTION 32/240 DATE 01/12
HIGHEST GUST SPEED/DIRECTION 41/300 DATE 01/11
SKY COVER
POSSIBLE SUNSHINE (PERCENT) MM
AVERAGE SKY COVER 0.60
NUMBER OF DAYS FAIR 24
NUMBER OF DAYS PC 25
NUMBER OF DAYS CLOUDY 42
AVERAGE RH (PERCENT) 65
WEATHER CONDITIONS. NUMBER OF DAYS WITH
THUNDERSTORMS 1 MIXED PRECIP 0
HEAVY RAIN 11 RAIN 27
LIGHT RAIN 46 FREEZING RAIN 0
LIGHT FREEZING RAIN 0 HAIL 0
HEAVY SNOW 1 SNOW 9
LIGHT SNOW 32 SLEET 0
FOG 45 FOG W/VIS <= 1/4 MILE 8
- INDICATES NEGATIVE NUMBERS.
R INDICATES RECORD WAS SET OR TIED.
MM INDICATES DATA IS MISSING.
T INDICATES TRACE AMOUNT.
$$