000
CXUS51 KRLX 011311
CF6CRW
PRELIMINARY LOCAL CLIMATOLOGICAL DATA (WS FORM: F-6)
STATION: CHARLESTON WV
MONTH: FEBRUARY
YEAR: 2023
LATITUDE: 38 22 N
LONGITUDE: 81 36 W
TEMPERATURE IN F: :PCPN: SNOW: WIND :SUNSHINE: SKY :PK WND
================================================================================
1 2 3 4 5 6A 6B 7 8 9 10 11 12 13 14 15 16 17 18
12Z AVG MX 2MIN
DY MAX MIN AVG DEP HDD CDD WTR SNW DPTH SPD SPD DIR MIN PSBL S-S WX SPD DR
================================================================================
1 29 24 27 -9 38 0 0.05 0.1 T 2.2 10 320 M M 9 1 15 320
2 35 27 31 -5 34 0 0.00 0.0 0 4.8 13 240 M M 10 1 18 250
3 33 17 25 -11 40 0 T T 0 10.5 23 330 M M 5 36 340
4 46 13 30 -6 35 0 0.00 0.0 0 5.0 15 190 M M 3 18 220
5 58 31 45 9 20 0 0.00 0.0 0 8.1 22 250 M M 7 31 220
6 50 28 39 3 26 0 0.00 0.0 0 4.3 15 310 M M 5 21 320
7 64 27 46 9 19 0 0.00 0.0 0 4.5 22 230 M M 7 30 220
8 56 48 52 15 13 0 0.04 0.0 0 1.7 10 320 M M 9 1 14 330
9 75 48 62 25 3 0 0.00 0.0 0 11.5 33 230 M M 7 47 230
10 50 38 44 7 21 0 0.00 0.0 0 6.4 17 250 M M 9 29 280
11 44 26 35 -2 30 0 0.00 0.0 0 2.1 12 310 M M 6 1 15 330
12 49 32 41 3 24 0 0.00 0.0 0 3.7 10 320 M M 7 14 330
13 61 25 43 5 22 0 0.00 0.0 0 5.6 20 230 M M 2 27 270
14 65 28 47 9 18 0 0.00 0.0 0 3.1 17 140 M M 4 23 140
15 74 52 63 25 2 0 0.01 0.0 0 10.9 23 230 M M 5 36 200
16 61 47 54 16 11 0 2.39 0.0 0 4.9 15 170 M M 8 13 20 180
17 61 28 45 6 20 0 0.89 T 0 9.4 22 310 M M 10 148 31 320
18 45 23 34 -5 31 0 T 0.0 0 3.3 12 220 M M 3 14 200
19 63 30 47 8 18 0 0.00 0.0 0 6.2 21 220 M M 4 26 220
20 56 46 51 12 14 0 0.09 0.0 0 8.0 20 220 M M 9 1 25 220
21 61 41 51 11 14 0 0.01 0.0 0 7.3 24 270 M M 5 1 37 320
22 78 38 58 18 7 0 0.37 0.0 0 8.7 23 200 M M 8 13 37 210
23 75 57 66 26 0 1 0.14 0.0 0 9.2 26 250 M M 7 1 35 240
24 65 32 49 9 16 0 T 0.0 0 6.5 29 320 M M 7 39 320
25 46 29 38 -2 27 0 0.30 0.0 0 3.1 9 160 M M 6 1 12 160
26 52 31 42 1 23 0 0.00 0.0 0 3.4 14 230 M M 5 1 18 230
27 69 32 51 10 14 0 0.12 0.0 0 7.7 23 200 M M 7 1 35 210
28 66 43 55 14 10 0 0.00 0.0 0 7.9 26 280 M M 6 41 290
================================================================================
SM 1587 941 550 1 4.41 0.1 170.0 M 180
================================================================================
AV 56.7 33.6 6.1 FASTST M M 6 MAX(MPH)
MISC ----> 33 230 47 230
================================================================================
NOTES:
# LAST OF SEVERAL OCCURRENCES
COLUMN 17 PEAK WIND IN M.P.H.
PRELIMINARY LOCAL CLIMATOLOGICAL DATA (WS FORM: F-6) , PAGE 2
STATION: CHARLESTON WV
MONTH: FEBRUARY
YEAR: 2023
LATITUDE: 38 22 N
LONGITUDE: 81 36 W
[TEMPERATURE DATA] [PRECIPITATION DATA] SYMBOLS USED IN COLUMN 16
AVERAGE MONTHLY: 45.1 TOTAL FOR MONTH: 4.41 1 = FOG OR MIST
DPTR FM NORMAL: 6.9 DPTR FM NORMAL: 1.05 2 = FOG REDUCING VISIBILITY
HIGHEST: 78 ON 22 GRTST 24HR 3.17 ON 16-17 TO 1/4 MILE OR LESS
LOWEST: 13 ON 4 3 = THUNDER
SNOW, ICE PELLETS, HAIL 4 = ICE PELLETS
TOTAL MONTH: 0.1 INCH 5 = HAIL
GRTST 24HR 0.1 ON 1- 1 6 = FREEZING RAIN OR DRIZZLE
GRTST DEPTH: T 7 = DUSTSTORM OR SANDSTORM:
VSBY 1/2 MILE OR LESS
8 = SMOKE OR HAZE
[NO. OF DAYS WITH] [WEATHER - DAYS WITH] 9 = BLOWING SNOW
X = TORNADO
MAX 32 OR BELOW: 1 0.01 INCH OR MORE: 11
MAX 90 OR ABOVE: 0 0.10 INCH OR MORE: 6
MIN 32 OR BELOW: 18 0.50 INCH OR MORE: 2
MIN 0 OR BELOW: 0 1.00 INCH OR MORE: 1
[HDD (BASE 65) ]
TOTAL THIS MO. 550 CLEAR (SCALE 0-3) 3
DPTR FM NORMAL -201 PTCLDY (SCALE 4-7) 18
TOTAL FM JUL 1 3027 CLOUDY (SCALE 8-10) 7
DPTR FM NORMAL -344
[CDD (BASE 65) ]
TOTAL THIS MO. 1
DPTR FM NORMAL 1 [PRESSURE DATA]
TOTAL FM JAN 1 1 HIGHEST SLP 30.59 ON 4
DPTR FM NORMAL 1 LOWEST SLP 29.28 ON 27
[REMARKS]
#FINAL-02-23#