000
CXUS51 KRLX 011158
CF6CRW
PRELIMINARY LOCAL CLIMATOLOGICAL DATA (WS FORM: F-6)
STATION: CHARLESTON WV
MONTH: OCTOBER
YEAR: 2023
LATITUDE: 38 22 N
LONGITUDE: 81 36 W
TEMPERATURE IN F: :PCPN: SNOW: WIND :SUNSHINE: SKY :PK WND
================================================================================
1 2 3 4 5 6A 6B 7 8 9 10 11 12 13 14 15 16 17 18
12Z AVG MX 2MIN
DY MAX MIN AVG DEP HDD CDD WTR SNW DPTH SPD SPD DIR MIN PSBL S-S WX SPD DR
================================================================================
1 81 55 68 5 0 3 0.00 0.0 0 1.9 10 90 M M 4 1 13 50
2 83 54 69 7 0 4 0.00 0.0 0 1.2 9 80 M M 3 1 11 80
3 84 55 70 8 0 5 0.00 0.0 0 1.3 10 60 M M 2 1 15 70
4 83 55 69 7 0 4 0.00 0.0 0 1.5 9 160 M M 3 1 11 290
5 80 56 68 7 0 3 T 0.0 0 4.2 12 170 M M 6 1 16 180
6 69 59 64 3 1 0 0.07 0.0 0 3.8 10 230 M M 9 1 14 220
7 61 44 53 -7 12 0 T 0.0 0 5.2 15 310 M M 6 1 23 250
8 57 37 47 -13 18 0 T 0.0 0 5.8 17 240 M M 6 1 27 250
9 61 44 53 -7 12 0 0.02 0.0 0 5.2 20 210 M M 8 1 26 200
10 68 43 56 -3 9 0 0.00 0.0 0 2.8 18 240 M M 4 1 25 270
11 65 36 51 -8 14 0 0.00 0.0 0 2.9 14 200 M M 5 1 20 190
12 78 48 63 5 2 0 0.05 0.0 0 1.4 7 320 M M 3 12 12 260
13 80 50 65 7 0 0 0.00 0.0 0 3.6 10 150 M M 4 12 14 150
14 70 50 60 2 5 0 0.44 0.0 0 7.1 23 300 M M 10 1 35 300
15 59 47 53 -4 12 0 0.05 0.0 0 5.6 16 320 M M 9 1 22 320
16 53 46 50 -7 15 0 0.03 0.0 0 3.6 9 310 M M 10 1 14 310
17 56 49 53 -4 12 0 0.03 0.0 0 1.7 8 250 M M 10 1 10 310
18 63 43 53 -3 12 0 0.00 0.0 0 1.4 9 170 M M 6 12 130
19 70 39 55 -1 10 0 T 0.0 0 5.8 18 190 M M 6 25 190
20 63 51 57 1 8 0 0.78 0.0 0 8.0 16 220 M M 10 1 23 300
21 63 48 56 1 9 0 T 0.0 0 7.3 17 240 M M 8 1 25 240
22 58 39 49 -6 16 0 0.01 0.0 0 5.7 16 330 M M 7 26 330
23 67 33 50 -4 15 0 0.00 0.0 0 0.9 6 40 M M 4 1 8 350
24 77 36 57 3 8 0 0.00 0.0 0 1.2 8 140 M M 1 1 10 180
25 79 48 64 10 1 0 0.00 0.0 0 2.3 13 220 M M 5 17 190
26 78 42 60 7 5 0 0.00 0.0 0 1.8 14 230 M M 4 18 220
27 78 56 67 14 0 2 T 0.0 0 3.3 16 210 M M 8 20 220
28 76 61 69 16 0 4 0.04 0.0 0 1.5 15 250 M M 8 1 19 250
29 73 61 67 15 0 2 0.14 0.0 0 4.3 20 250 M M 10 1 27 220
30 64 43 54 2 11 0 0.34 0.0 0 5.2 18 320 M M 10 12 25 330
31 50 35 43 -9 22 0 T T 0 4.4 23 300 M M 8 1 36 290
================================================================================
SM 2147 1463 229 27 2.00 T 111.9 M 197
================================================================================
AV 69.3 47.2 3.6 FASTST M M 6 MAX(MPH)
MISC ----> # 23 300 36 290
================================================================================
NOTES:
# LAST OF SEVERAL OCCURRENCES
COLUMN 17 PEAK WIND IN M.P.H.
PRELIMINARY LOCAL CLIMATOLOGICAL DATA (WS FORM: F-6) , PAGE 2
STATION: CHARLESTON WV
MONTH: OCTOBER
YEAR: 2023
LATITUDE: 38 22 N
LONGITUDE: 81 36 W
[TEMPERATURE DATA] [PRECIPITATION DATA] SYMBOLS USED IN COLUMN 16
AVERAGE MONTHLY: 58.2 TOTAL FOR MONTH: 2.00 1 = FOG OR MIST
DPTR FM NORMAL: 1.2 DPTR FM NORMAL: -0.91 2 = FOG REDUCING VISIBILITY
HIGHEST: 84 ON 3 GRTST 24HR 0.78 ON 20-20 TO 1/4 MILE OR LESS
LOWEST: 33 ON 23 3 = THUNDER
SNOW, ICE PELLETS, HAIL 4 = ICE PELLETS
TOTAL MONTH: T 5 = HAIL
GRTST 24HR T ON 31-31 6 = FREEZING RAIN OR DRIZZLE
GRTST DEPTH: 0 7 = DUSTSTORM OR SANDSTORM:
VSBY 1/2 MILE OR LESS
8 = SMOKE OR HAZE
[NO. OF DAYS WITH] [WEATHER - DAYS WITH] 9 = BLOWING SNOW
X = TORNADO
MAX 32 OR BELOW: 0 0.01 INCH OR MORE: 12
MAX 90 OR ABOVE: 0 0.10 INCH OR MORE: 4
MIN 32 OR BELOW: 0 0.50 INCH OR MORE: 1
MIN 0 OR BELOW: 0 1.00 INCH OR MORE: 0
[HDD (BASE 65) ]
TOTAL THIS MO. 229 CLEAR (SCALE 0-3) 4
DPTR FM NORMAL -42 PTCLDY (SCALE 4-7) 18
TOTAL FM JUL 1 243 CLOUDY (SCALE 8-10) 9
DPTR FM NORMAL -74
[CDD (BASE 65) ]
TOTAL THIS MO. 27
DPTR FM NORMAL 4 [PRESSURE DATA]
TOTAL FM JAN 1 968 HIGHEST SLP 30.36 ON 25
DPTR FM NORMAL -190 LOWEST SLP 29.56 ON 20
[REMARKS]
#FINAL-10-23#