000
CXUS51 KRLX 011458
CF6HTS
PRELIMINARY LOCAL CLIMATOLOGICAL DATA (WS FORM: F-6)
STATION: HUNTINGTON WV
MONTH: MAY
YEAR: 2023
LATITUDE: 38 22 N
LONGITUDE: 82 33 W
TEMPERATURE IN F: :PCPN: SNOW: WIND :SUNSHINE: SKY :PK WND
================================================================================
1 2 3 4 5 6A 6B 7 8 9 10 11 12 13 14 15 16 17 18
12Z AVG MX 2MIN
DY MAX MIN AVG DEP HDD CDD WTR SNW DPTH SPD SPD DIR MIN PSBL S-S WX SPD DR
================================================================================
1 51 42 47 -15 18 0 0.20 0.0 0 11.2 22 260 M M 10 1 37 250
2 59 43 51 -11 14 0 T 0.0 0 11.0 21 320 M M 8 34 270
3 57 42 50 -12 15 0 T 0.0 0 8.7 18 330 M M 9 28 320
4 67 36 52 -10 13 0 0.00 0.0 0 3.3 10 350 M M 2 1 18 20
5 74 39 57 -6 8 0 0.00 0.0 0 3.9 12 10 M M 0 16 50
6 80 44 62 -1 3 0 0.00 0.0 0 2.0 12 180 M M 2 16 180
7 76 54 65 2 0 0 0.51 0.0 0 6.1 18 200 M M 4 13 25 210
8 81 58 70 7 0 5 0.00 0.0 0 5.5 12 230 M M 3 19 340
9 75 59 67 3 0 2 T 0.0 0 4.6 13 340 M M 5 13 16 330
10 77 48 63 -1 2 0 0.00 0.0 0 3.9 9 10 M M 0 14 30
11 84 47 66 2 0 1 0.00 0.0 0 2.1 9 50 M M 0 13 50
12 77 63 70 6 0 5 0.36 0.0 0 3.1 8 190 M M 7 13 11 270
13 79 64 72 8 0 7 0.15 0.0 0 5.0 15 340 M M 9 13 22 350
14 81 58 70 5 0 5 0.00 0.0 0 4.1 10 50 M M 2 1 14 60
15 71 57 64 -1 1 0 T 0.0 0 4.1 8 80 M M 7 12 90
16 68 59 64 -1 1 0 0.74 0.0 0 2.6 10 330 M M 8 1 15 330
17 74 53 64 -1 1 0 0.00 0.0 0 4.6 12 50 M M 2 1 15 360
18 79 47 63 -3 2 0 0.00 0.0 0 4.8 10 140 M M 3 16 130
19 78 62 70 4 0 5 T 0.0 0 4.8 12 170 M M 6 15 150
20 69 56 63 -3 2 0 0.86 0.0 0 5.0 12 330 M M 7 18 17 350
21 72 47 60 -6 5 0 0.00 0.0 0 3.1 10 360 M M 0 1 15 40
22 77 46 62 -4 3 0 0.00 0.0 0 3.4 9 70 M M 0 1 13 20
23 79 57 68 1 0 3 0.00 0.0 0 5.1 13 80 M M 2 16 120
24 80 50 65 -2 0 0 0.00 0.0 0 3.6 10 10 M M 0 14 20
25 73 54 64 -3 1 0 0.00 0.0 0 7.3 13 50 M M 0 19 40
26 76 51 64 -4 1 0 0.00 0.0 0 6.7 15 80 M M 2 23 10
27 74 50 62 -6 3 0 0.00 0.0 0 4.5 13 80 M M 1 19 70
28 62 55 59 -9 6 0 0.78 0.0 0 3.9 13 80 M M 10 1 16 80
29 76 55 66 -2 0 1 0.07 0.0 0 3.8 12 80 M M 7 1 17 60
30 82 58 70 2 0 5 0.08 0.0 0 3.9 17 120 M M 3 123 24 130
31 82 59 71 2 0 6 0.00 0.0 0 5.0 10 100 M M 1 15 90
================================================================================
SM 2290 1613 99 45 3.75 0.0 150.7 M 120
================================================================================
AV 73.9 52.0 4.9 FASTST M M 4 MAX(MPH)
MISC ----> 22 260 37 250
================================================================================
NOTES:
# LAST OF SEVERAL OCCURRENCES
COLUMN 17 PEAK WIND IN M.P.H.
PRELIMINARY LOCAL CLIMATOLOGICAL DATA (WS FORM: F-6) , PAGE 2
STATION: HUNTINGTON WV
MONTH: MAY
YEAR: 2023
LATITUDE: 38 22 N
LONGITUDE: 82 33 W
[TEMPERATURE DATA] [PRECIPITATION DATA] SYMBOLS USED IN COLUMN 16
AVERAGE MONTHLY: 63.0 TOTAL FOR MONTH: 3.75 1 = FOG OR MIST
DPTR FM NORMAL: -2.2 DPTR FM NORMAL: -0.76 2 = FOG REDUCING VISIBILITY
HIGHEST: 84 ON 11 GRTST 24HR 0.86 ON 20-20 TO 1/4 MILE OR LESS
LOWEST: 36 ON 4 3 = THUNDER
SNOW, ICE PELLETS, HAIL 4 = ICE PELLETS
TOTAL MONTH: 0.0 INCH 5 = HAIL
GRTST 24HR 0.0 6 = FREEZING RAIN OR DRIZZLE
GRTST DEPTH: 0 7 = DUSTSTORM OR SANDSTORM:
VSBY 1/2 MILE OR LESS
8 = SMOKE OR HAZE
[NO. OF DAYS WITH] [WEATHER - DAYS WITH] 9 = BLOWING SNOW
X = TORNADO
MAX 32 OR BELOW: 0 0.01 INCH OR MORE: 9
MAX 90 OR ABOVE: 0 0.10 INCH OR MORE: 7
MIN 32 OR BELOW: 0 0.50 INCH OR MORE: 4
MIN 0 OR BELOW: 0 1.00 INCH OR MORE: 0
[HDD (BASE 65) ]
TOTAL THIS MO. 99 CLEAR (SCALE 0-3) 17
DPTR FM NORMAL 2 PTCLDY (SCALE 4-7) 9
TOTAL FM JUL 1 3812 CLOUDY (SCALE 8-10) 5
DPTR FM NORMAL -500
[CDD (BASE 65) ]
TOTAL THIS MO. 45
DPTR FM NORMAL -58 [PRESSURE DATA]
TOTAL FM JAN 1 79 HIGHEST SLP 30.26 ON 15
DPTR FM NORMAL -61 LOWEST SLP 29.46 ON 1
[REMARKS]
#FINAL-05-23#