000
CXUS51 KRLX 020621
CLSHTS
CLIMATE REPORT
NATIONAL WEATHER SERVICE CHARLESTON WV
221 AM EDT SAT SEP 02 2023
...................................
...THE HUNTINGTON WV CLIMATE SUMMARY FOR THE SEASON, FROM
6/1/2023 TO 8/31/2023...
CLIMATE NORMAL PERIOD: 1991 TO 2020
CLIMATE RECORD PERIOD: 1897 TO 2023
WEATHER OBSERVED NORMAL DEPART LAST YEAR`S
VALUE DATE(S) VALUE FROM VALUE
NORMAL
..............................................................
TEMPERATURE (F)
RECORD
HIGH 108 07/28/1930
LOW 39 06/06/1945
HIGHEST 93 07/27 95
07/29
08/21
LOWEST 46 06/09 48
AVG. MAXIMUM 84.1 85.0 -0.9 85.1
AVG. MINIMUM 63.2 64.5 -1.3 65.5
MEAN 73.6 74.8 -1.2 75.3
DAYS MAX >= 90 15 20.7 -5.7 21
DAYS MAX >= 80 73 80
DAYS MAX >= 100 0 0
DAYS MIN <= 32 0 0.0 0.0 0
PRECIPITATION (INCHES)
RECORD
MAXIMUM 22.05 2021
MINIMUM 5.09 1930
TOTALS 8.91 13.23 -4.32 16.36
DAILY AVG. 0.10 0.14 -0.04 0.18
DAYS >= .01 31 34.6 -3.6 38
DAYS >= .10 18 23.0 -5.0 27
DAYS >= .50 7 9.2 -2.2 11
DAYS >= 1.00 2 3.5 -1.5 5
GREATEST
24 HR. TOTAL 1.19 08/07 TO 08/07 2.23
SNOWFALL (INCHES)
RECORDS
TOTAL MM
24 HR TOTAL MM
TOTALS 0.0 0.0 0.0 0.0
SINCE 7/1 0.0 0.0 0.0 MM
DAYS >= TRACE 0 0.0 0.0 0
DAYS >= 1.0 0 0.0 0.0 0
DAYS >= 3.0 0 0
GREATEST
SNOW DEPTH 0 0
24 HR TOTAL 0.0 MM
DEGREE DAYS
HEATING TOTAL 11 10 1 2
SINCE 7/1 0 0 0 MM
COOLING TOTAL 831 913 -82 973
SINCE 1/1 910 1054 -144 MM
..............................................................
WIND (MPH)
AVERAGE WIND SPEED 4.6
HIGHEST WIND SPEED/DIRECTION 30/270 DATE 07/28
HIGHEST GUST SPEED/DIRECTION 42/270 DATE 07/28
SKY COVER
AVERAGE SKY COVER 0.37
NUMBER OF DAYS FAIR 49
NUMBER OF DAYS PC 32
NUMBER OF DAYS CLOUDY 11
AVERAGE RH (PERCENT) 72
WEATHER CONDITIONS. NUMBER OF DAYS WITH
THUNDERSTORM 20 MIXED PRECIP 0
HEAVY RAIN 13 RAIN 12
LIGHT RAIN 37 FREEZING RAIN 0
LT FREEZING RAIN 0 HAIL 0
HEAVY SNOW 0 SNOW 0
LIGHT SNOW 0 SLEET 0
FOG 64 FOG W/VIS <= 1/4 MILE 14
HAZE 29
- INDICATES NEGATIVE NUMBERS.
R INDICATES RECORD WAS SET OR TIED.
MM INDICATES DATA IS MISSING.
T INDICATES TRACE AMOUNT.
$$