000
CXUS51 KRLX 030305
CLSHTS
CLIMATE REPORT
NATIONAL WEATHER SERVICE CHARLESTON WV
1105 PM EDT THU JUN 02 2022
...................................
...THE HUNTINGTON WV CLIMATE SUMMARY FOR THE SEASON, FROM
3/1/2022 TO 5/31/2022...
CLIMATE NORMAL PERIOD: 1991 TO 2020
CLIMATE RECORD PERIOD: 1897 TO 2022
WEATHER OBSERVED NORMAL DEPART LAST YEAR`S
VALUE DATE(S) VALUE FROM VALUE
NORMAL
..............................................................
TEMPERATURE (F)
RECORD
HIGH 98 05/31/1919
LOW -2 03/03/1980
HIGHEST 91 05/20 89
LOWEST 16 03/13 21
AVG. MAXIMUM 68.3 67.3 1.0 67.5
AVG. MINIMUM 46.2 45.3 0.9 44.0
MEAN 57.2 56.3 0.9 55.8
DAYS MAX >= 90 2 0.8 1.2 0
DAYS MAX <= 32 1 0.7 0.3 0
DAYS MAX >= 80 21 13
DAYS MAX >= 100 0 0
DAYS MIN <= 32 11 15.9 -4.9 15
DAYS MIN <= 0 0 0.0 0.0 0
DAYS MIN <= 10 0 0
PRECIPITATION (INCHES)
RECORD
MAXIMUM 22.52 2011
MINIMUM 5.05 1941
TOTALS 11.16 12.58 -1.42 10.50
DAILY AVG. 0.12 0.14 -0.02 0.12
DAYS >= .01 34 40.3 -6.3 33
DAYS >= .10 19 24.8 -5.8 19
DAYS >= .50 8 8.0 0.0 6
DAYS >= 1.00 2 2.5 -0.5 1
GREATEST
24 HR. TOTAL 2.24 2.13
SNOWFALL (INCHES)
RECORDS
TOTAL 23.7 1993
24 HR TOTAL 21.1 03/13/1993 TO 03/13/1993
TOTALS 4.0 4.6 -0.6 T
SINCE 7/1 18.1 19.8 -1.7 MM
DAYS >= TRACE 5 3.0 2.0 2
DAYS >= 1.0 1 1.2 -0.2 0
DAYS >= 3.0 1 0
GREATEST
SNOW DEPTH 3 03/12 0
03/13
24 HR TOTAL MM MM
DEGREE DAYS
HEATING TOTAL 841 944 -103 928
SINCE 7/1 3901 4312 -411 MM
COOLING TOTAL 152 140 12 106
SINCE 1/1 152 140 12 MM
..............................................................
WIND (MPH)
AVERAGE WIND SPEED 6.4
HIGHEST WIND SPEED/DIRECTION 30/200 DATE 03/31
HIGHEST GUST SPEED/DIRECTION 45/250 DATE 04/15
SKY COVER
POSSIBLE SUNSHINE (PERCENT) MM
AVERAGE SKY COVER 0.45
NUMBER OF DAYS FAIR 37
NUMBER OF DAYS PC 32
NUMBER OF DAYS CLOUDY 23
AVERAGE RH (PERCENT) 61
WEATHER CONDITIONS. NUMBER OF DAYS WITH
THUNDERSTORM 12 MIXED PRECIP 0
HEAVY RAIN 11 RAIN 18
LIGHT RAIN 40 FREEZING RAIN 0
LT FREEZING RAIN 0 HAIL 0
HEAVY SNOW 0 SNOW 2
LIGHT SNOW 7 SLEET 0
FOG 36 FOG W/VIS <= 1/4 MILE 6
HAZE 7
- INDICATES NEGATIVE NUMBERS.
R INDICATES RECORD WAS SET OR TIED.
MM INDICATES DATA IS MISSING.
T INDICATES TRACE AMOUNT.
$$