000
CXUS51 KRLX 011954
CF6PKB
PRELIMINARY LOCAL CLIMATOLOGICAL DATA (WS FORM: F-6)
STATION: PARKERSBURG WV
MONTH: JANUARY
YEAR: 2023
LATITUDE: 39 20 N
LONGITUDE: 81 26 W
TEMPERATURE IN F: :PCPN: SNOW: WIND :SUNSHINE: SKY :PK WND
================================================================================
1 2 3 4 5 6A 6B 7 8 9 10 11 12 13 14 15 16 17 18
12Z AVG MX 2MIN
DY MAX MIN AVG DEP HDD CDD WTR SNW DPTH SPD SPD DIR MIN PSBL S-S WX SPD DR
================================================================================
1 56 34 45 12 20 0 0.00 M M 3.5 15 270 M M 8 12 23 280
2 63 43 53 20 12 0 T M M 3.2 12 260 M M 8 12 17 240
3 61 54 58 25 7 0 1.92 M M 6.5 20 290 M M 10 13 31 290
4 62 45 54 21 11 0 0.08 M M 5.1 17 280 M M 7 13 24 270
5 51 34 43 10 22 0 0.02 M M 4.8 20 280 M M 4 1 28 270
6 40 35 38 6 27 0 T M M 5.0 13 270 M M 9 18 270
7 42 24 33 1 32 0 0.00 M M 3.1 13 330 M M 6 17 320
8 41 21 31 -1 34 0 0.05 M M 3.1 12 90 M M 5 1 15 70
9 35 25 30 -2 35 0 0.00 M M 4.4 10 200 M M 5 1 15 230
10 43 23 33 1 32 0 0.00 M M 2.6 8 80 M M 4 1 9 150
11 49 32 41 9 24 0 0.24 M M 3.2 8 140 M M 6 1 11 140
12 55 38 47 15 18 0 0.65 M M 8.0 24 290 M M 9 13 33 300
13 38 29 34 2 31 0 0.04 M M 9.1 15 320 M M 9 1 23 320
14 30 21 26 -6 39 0 T M M 8.0 17 320 M M 9 24 340
15 36 15 26 -6 39 0 0.00 M M 1.0 7 70 M M 0 9 80
16 47 20 34 2 31 0 0.08 M M 1.5 7 130 M M 2 1 8 140
17 58 39 49 17 16 0 0.15 M M 8.1 15 220 M M 9 1 21 210
18 46 40 43 11 22 0 T M M 5.6 15 270 M M 8 22 290
19 62 41 52 20 13 0 0.42 M M 9.9 31 230 M M 8 1 48 240
20 45 35 40 8 25 0 0.01 M M 10.3 24 280 M M 10 39 240
21 36 27 32 0 33 0 0.00 M M 3.6 12 260 M M 9 19 250
22 38 25 32 0 33 0 0.08 M M 2.0 10 300 M M 7 1 13 300
23 35 32 34 2 31 0 0.01 M M 8.0 15 280 M M 10 1 21 300
24 46 28 37 5 28 0 0.00 M M 5.1 13 210 M M 2 8 18 270
25 60 32 46 14 19 0 0.42 M M 10.6 24 260 M M 7 1 40 260
26 38 32 35 3 30 0 0.06 M M 9.6 20 270 M M 10 1 28 280
27 42 29 36 4 29 0 T M M 10.2 20 200 M M 6 27 200
28 55 39 47 15 18 0 0.00 M M 8.4 16 210 M M 3 26 200
29 48 41 45 13 20 0 0.31 M M 5.8 15 230 M M 9 1 24 250
30 49 32 41 9 24 0 0.08 M M 5.1 14 320 M M 10 1 19 330
31 32 25 29 -3 36 0 0.15 M M 5.3 12 320 M M 10 168 20 320
================================================================================
SM 1439 990 791 0 4.77 M 179.7 M 219
================================================================================
AV 46.4 31.9 5.8 FASTST M M 7 MAX(MPH)
MISC ----> 31 230 48 240
================================================================================
NOTES:
# LAST OF SEVERAL OCCURRENCES
COLUMN 17 PEAK WIND IN M.P.H.
PRELIMINARY LOCAL CLIMATOLOGICAL DATA (WS FORM: F-6) , PAGE 2
STATION: PARKERSBURG WV
MONTH: JANUARY
YEAR: 2023
LATITUDE: 39 20 N
LONGITUDE: 81 26 W
[TEMPERATURE DATA] [PRECIPITATION DATA] SYMBOLS USED IN COLUMN 16
AVERAGE MONTHLY: 39.2 TOTAL FOR MONTH: 4.77 1 = FOG OR MIST
DPTR FM NORMAL: 7.2 DPTR FM NORMAL: 1.50 2 = FOG REDUCING VISIBILITY
HIGHEST: 63 ON 2 GRTST 24HR 1.92 ON 3- 3 TO 1/4 MILE OR LESS
LOWEST: 15 ON 15 3 = THUNDER
SNOW, ICE PELLETS, HAIL 4 = ICE PELLETS
TOTAL MONTH: M 5 = HAIL
GRTST 24HR M ON M 6 = FREEZING RAIN OR DRIZZLE
GRTST DEPTH: M ON M 7 = DUSTSTORM OR SANDSTORM:
VSBY 1/2 MILE OR LESS
8 = SMOKE OR HAZE
[NO. OF DAYS WITH] [WEATHER - DAYS WITH] 9 = BLOWING SNOW
X = TORNADO
MAX 32 OR BELOW: 2 0.01 INCH OR MORE: 18
MAX 90 OR ABOVE: 0 0.10 INCH OR MORE: 8
MIN 32 OR BELOW: 18 0.50 INCH OR MORE: 2
MIN 0 OR BELOW: 0 1.00 INCH OR MORE: 1
[HDD (BASE 65) ]
TOTAL THIS MO. 791 CLEAR (SCALE 0-3) 4
DPTR FM NORMAL -233 PTCLDY (SCALE 4-7) 11
TOTAL FM JUL 1 2679 CLOUDY (SCALE 8-10) 16
DPTR FM NORMAL -226
[CDD (BASE 65) ]
TOTAL THIS MO. 0
DPTR FM NORMAL 0 [PRESSURE DATA]
TOTAL FM JAN 1 0 HIGHEST SLP 30.41 ON 7
DPTR FM NORMAL 0 LOWEST SLP 29.43 ON 25
[REMARKS]
#FINAL-01-23#