000
CXUS51 KRLX 012306
CLSPKB
CLIMATE REPORT
NATIONAL WEATHER SERVICE CHARLESTON WV
606 PM EST FRI DEC 01 2023
...................................
...THE PARKERSBURG WV CLIMATE SUMMARY FOR THE SEASON, FROM
9/1/2023 TO 11/30/2023...
CLIMATE NORMAL PERIOD: 1991 TO 2020
CLIMATE RECORD PERIOD: 1926 TO 2023
WEATHER OBSERVED NORMAL DEPART LAST YEAR`S
VALUE DATE(S) VALUE FROM VALUE
NORMAL
..............................................................
TEMPERATURE (F)
RECORD
HIGH 102 09/03/1953
LOW 4 11/30/1929
HIGHEST 91 09/05 87
LOWEST 15 11/29 17
AVG. MAXIMUM 67.6 66.7 0.9 66.2
AVG. MINIMUM 45.0 44.6 0.4 43.7
MEAN 56.3 55.6 0.7 54.9
DAYS MAX >= 90 3 2.6 0.4 0
DAYS MAX <= 32 0 0.6 -0.6 0
DAYS MAX >= 80 16 13
DAYS MAX >= 100 0 0
DAYS MIN <= 32 22 17.4 4.6 15
DAYS MIN <= 10 0 0
PRECIPITATION (INCHES)
RECORD
MAXIMUM 16.71 2011
MINIMUM 2.06 1904
TOTALS 7.27 9.04 -1.77 9.24
DAILY AVG. 0.08 0.10 -0.02 0.10
DAYS >= .01 27 31.0 -4.0 32
DAYS >= .10 14 19.0 -5.0 14
DAYS >= .50 6 6.3 -0.3 3
DAYS >= 1.00 0 1.7 -1.7 3
GREATEST
24 HR. TOTAL 1.29 10/29 TO 10/30 2.15
DEGREE DAYS
HEATING TOTAL 893 989 -96 1022
SINCE 7/1 893 994 -101 1022
COOLING TOTAL 129 136 -7 126
SINCE 1/1 823 998 -175 1031
..............................................................
WIND (MPH)
AVERAGE WIND SPEED 3.8
HIGHEST WIND SPEED/DIRECTION 23/290 DATE 10/31
HIGHEST GUST SPEED/DIRECTION 34/290 DATE 11/28
SKY COVER
AVERAGE SKY COVER 0.42
NUMBER OF DAYS FAIR 45
NUMBER OF DAYS PC 22
NUMBER OF DAYS CLOUDY 24
AVERAGE RH (PERCENT) 70
WEATHER CONDITIONS. NUMBER OF DAYS WITH
THUNDERSTORM 1 MIXED PRECIP 0
HEAVY RAIN 11 RAIN 13
LIGHT RAIN 32 FREEZING RAIN 0
LT FREEZING RAIN 0 HAIL 0
HEAVY SNOW 0 SNOW 0
LIGHT SNOW 2 SLEET 0
FOG 60 FOG W/VIS <= 1/4 MILE 22
HAZE 8
- INDICATES NEGATIVE NUMBERS.
R INDICATES RECORD WAS SET OR TIED.
MM INDICATES DATA IS MISSING.
T INDICATES TRACE AMOUNT.
$$