000
CXUS51 KRNK 010643
CLMBLF
CLIMATE REPORT
NATIONAL WEATHER SERVICE BLACKSBURG, VA
243 AM EDT FRI SEP 01 2023
...................................
...THE BLUEFIELD WV CLIMATE SUMMARY FOR THE MONTH OF AUGUST 2023...
CLIMATE NORMAL PERIOD: 1991 TO 2020
CLIMATE RECORD PERIOD: 1909 TO 2023
WEATHER OBSERVED NORMAL DEPART LAST YEAR`S
VALUE DATE(S) VALUE FROM VALUE
NORMAL
..............................................................
TEMPERATURE (F)
RECORD
HIGH 95 08/24/2007
08/16/2007
08/17/1988
LOW 39 08/29/1986
HIGHEST 82 08/23 83
08/24
08/27
LOWEST 50 08/19 52
AVG. MAXIMUM 76.6 77.9 -1.3 77.7
AVG. MINIMUM 60.9 60.7 0.2 61.7
MEAN 68.8 69.3 -0.5 69.7
DAYS MAX >= 90 0 0.7 -0.7 0
DAYS MAX <= 32 0 0.0 0.0 0
DAYS MIN <= 32 0 0.0 0.0 0
DAYS MIN <= 0 0 0.0 0.0 0
PRECIPITATION (INCHES)
RECORD
MAXIMUM 6.41 2014
MINIMUM 0.65 2007
TOTALS 3.91 3.14 0.77 4.90
DAYS >= .01 15 11.4 3.6 12
DAYS >= .10 10 6.9 3.1 10
DAYS >= .50 1 1.9 -0.9 2
DAYS >= 1.00 1 0.5 0.5 1
GREATEST
24 HR. TOTAL 1.36 2.74
SNOWFALL (INCHES)
TOTALS 0.0 0.0 0.0 0.0
DAYS >= TRACE 0 0.0 0.0 0
DAYS >= 1.0 0 0.0 0.0 0
GREATEST
24 HR TOTAL MM 0.0
DEGREE DAYS
HEATING TOTAL 9 13 -4 2
COOLING TOTAL 132 146 -14 145
..............................................................
WIND (MPH)
AVERAGE WIND SPEED 4.9
RESULTANT WIND SPEED/DIRECTION 3/260
HIGHEST WIND SPEED/DIRECTION 24/250 DATE 08/07
HIGHEST GUST SPEED/DIRECTION 34/240 DATE 08/07
SKY COVER
AVERAGE SKY COVER 0.41
AVERAGE RH (PERCENT) 79
WEATHER CONDITIONS. NUMBER OF DAYS WITH
THUNDERSTORM 3 MIXED PRECIP 0
HEAVY RAIN 4 RAIN 10
LIGHT RAIN 17 FREEZING RAIN 0
LT FREEZING RAIN 0 HAIL 0
HEAVY SNOW 0 SNOW 0
LIGHT SNOW 0 SLEET 0
FOG 18 FOG W/VIS <= 1/4 MILE 1
HAZE 0
- INDICATES NEGATIVE NUMBERS.
R INDICATES RECORD WAS SET OR TIED.
MM INDICATES DATA IS MISSING.
T INDICATES TRACE AMOUNT.
$$
RCS