000
CDUS41 KRNK 250933
CLIROA


CLIMATE REPORT
NATIONAL WEATHER SERVICE BLACKSBURG VA
530 AM EDT WED APR 25 2018


...................................

...THE ROANOKE VA CLIMATE SUMMARY FOR APRIL 24 2018...

CLIMATE NORMAL PERIOD 1981 TO 2010
CLIMATE RECORD PERIOD 1912 TO 2018


WEATHER ITEM   OBSERVED TIME   RECORD YEAR NORMAL DEPARTURE LAST
                VALUE   (LST)  VALUE       VALUE  FROM      YEAR
                                                  NORMAL
..................................................................
TEMPERATURE (F)
 YESTERDAY
  MAXIMUM         57    655 PM  95    1925  71    -14       53
  MINIMUM         50    703 AM  28    1927  48      2       47
  AVERAGE         54                        59     -5       50

PRECIPITATION (IN)
  YESTERDAY        1.68          2.76 1987   0.12   1.56     1.75
  MONTH TO DATE    3.61                      2.70   0.91     5.30
  SINCE MAR 1      6.99                      6.16   0.83     7.62
  SINCE JAN 1     13.11                     11.97   1.14    12.26

SNOWFALL (IN)
  YESTERDAY        0.0                                       0.0
  MONTH TO DATE    T                                         0.0
  SINCE MAR 1     10.6                                       0.1
  SINCE JUL 1     15.7                                       4.6
  SNOW DEPTH       0

DEGREE DAYS
 HEATING
  YESTERDAY       11                         7      4       15
  MONTH TO DATE  279                       237     42      145
  SINCE MAR 1    947                       789    158      649
  SINCE JUL 1   3947                      3994    -47     3113

 COOLING
  YESTERDAY        0                         1     -1        0
  MONTH TO DATE    8                        16     -8       37
  SINCE MAR 1      8                        21    -13       39
  SINCE JAN 1     12                        21     -9       39
..................................................................


WIND (MPH)
  HIGHEST WIND SPEED    20   HIGHEST WIND DIRECTION     E (90)
  HIGHEST GUST SPEED    26   HIGHEST GUST DIRECTION     E (110)
  AVERAGE WIND SPEED     9.2


SKY COVER
  AVERAGE SKY COVER 1.0


WEATHER CONDITIONS
 THE FOLLOWING WEATHER WAS RECORDED YESTERDAY.
  RAIN
  LIGHT RAIN
  FOG


RELATIVE HUMIDITY (PERCENT)
 HIGHEST   100           700 AM
 LOWEST     83          1200 AM
 AVERAGE    92

..........................................................


THE ROANOKE VA CLIMATE NORMALS FOR TODAY
                         NORMAL    RECORD    YEAR
 MAXIMUM TEMPERATURE (F)   71        95      1925
 MINIMUM TEMPERATURE (F)   48        30      1956


SUNRISE AND SUNSET
APRIL 25 2018.........SUNRISE   632 AM EDT   SUNSET   804 PM EDT
APRIL 26 2018.........SUNRISE   631 AM EDT   SUNSET   805 PM EDT


-  INDICATES NEGATIVE NUMBERS.
R  INDICATES RECORD WAS SET OR TIED.
MM INDICATES DATA IS MISSING.
T  INDICATES TRACE AMOUNT.

$$

RAB
