000
CXUS53 KUNR 011030
CF62WX
PRELIMINARY LOCAL CLIMATOLOGICAL DATA (WS FORM: F-6)
STATION: BUFFALO SD
MONTH: FEBRUARY
YEAR: 2022
LATITUDE: 45 35 N
LONGITUDE: 103 33 W
TEMPERATURE IN F: :PCPN: SNOW: WIND :SUNSHINE: SKY :PK WND
================================================================================
1 2 3 4 5 6A 6B 7 8 9 10 11 12 13 14 15 16 17 18
12Z AVG MX 2MIN
DY MAX MIN AVG DEP HDD CDD WTR SNW DPTH SPD SPD DIR MIN PSBL S-S WX SPD DR
================================================================================
1 15 2 9 -12 56 0 0.00 M M 23.7 46 300 M M M 57 300
2 6 -3 2 -19 63 0 0.01 M M 9.1 21 150 M M M 24 150
3 28 -5 12 -9 53 0 0.00 M M 14.1 24 330 M M M 30 320
4 31 4 18 -3 47 0 0.00 M M 12.2 22 320 M M M 29 320
5 49 27 38 17 27 0 0.00 M M 25.6 43 290 M M M 53 290
6 47 25 36 14 29 0 0.00 M M 18.0 39 310 M M M 48 310
7 58 29 44 22 21 0 0.00 M M 20.7 38 310 M M M 46 310
8 50 32 41 19 24 0 0.00 M M 26.1 49 320 M M M 60 320
9 39 23 31 9 34 0 0.10 M M 10.6 24 320 M M M 31 330
10 59 23 41 19 24 0 0.03 M M 24.1 49 310 M M M 61 310
11 36 17 27 5 38 0 0.00 M M 20.8 41 340 M M M 52 320
12 40 10 25 3 40 0 0.00 M M 17.4 44 310 M M M 55 300
13 49 10 30 7 35 0 0.00 M M 16.0 35 290 M M M 40 290
14 38 18 28 5 37 0 0.00 M M 12.3 28 130 M M M 34 140
15 38 12 25 2 40 0 0.00 M M 14.7 36 310 M M M 43 320
16 27 10 19 -4 46 0 0.00 M M 9.7 20 330 M M M 26 340
17 40 7 24 0 41 0 0.00 M M 18.0 32 280 M M M 41 270
18 39 16 28 4 37 0 0.00 M M 19.9 39 330 M M M 50 330
19 58 16 37 13 28 0 0.00 M M 17.3 36 270 M M M 44 270
20 52 2 27 3 38 0 0.12 M M 19.6 41 290 M M M 53 290
21 2 -10 -4 -29 69 0 0.07 M M 17.5 30 60 M M M 34 70
22 -6 -17 -11 -36 76 0 0.00 M M 13.0 22 340 M M M 25 340
23 -3 -23 -13 -38 78 0 0.00 M M 5.7 13 150 M M M 16 140
24 6 -15 -4 -30 69 0 0.00 M M 5.3 12 130 M M M 13 140
25 23 -7 8 -18 57 0 0.00 M M 10.8 26 280 M M M 30 270
26 31 5 18 -8 47 0 0.00 M M 14.6 26 270 M M M 31 280
27 44 19 32 5 33 0 0.00 M M 13.4 24 250 M M M 29 240
28 50 31 41 14 24 0 0.00 M M 11.6 20 250 M M M 25 280
================================================================================
SM 946 258 1211 0 0.33 M 441.8 M M
================================================================================
AV 33.8 9.2 15.8 FASTST M M M MAX(MPH)
MISC ----> # 49 320 61 310
================================================================================
NOTES:
# LAST OF SEVERAL OCCURRENCES
COLUMN 17 PEAK WIND IN M.P.H.
PRELIMINARY LOCAL CLIMATOLOGICAL DATA (WS FORM: F-6) , PAGE 2
STATION: BUFFALO SD
MONTH: FEBRUARY
YEAR: 2022
LATITUDE: 45 35 N
LONGITUDE: 103 33 W
[TEMPERATURE DATA] [PRECIPITATION DATA] SYMBOLS USED IN COLUMN 16
AVERAGE MONTHLY: 21.5 TOTAL FOR MONTH: 0.33 1 = FOG OR MIST
DPTR FM NORMAL: -1.8 DPTR FM NORMAL: -0.08 2 = FOG REDUCING VISIBILITY
HIGHEST: 59 ON 10 GRTST 24HR 0.18 ON 20-21 TO 1/4 MILE OR LESS
LOWEST: -23 ON 23 3 = THUNDER
SNOW, ICE PELLETS, HAIL 4 = ICE PELLETS
TOTAL MONTH: M 5 = HAIL
GRTST 24HR M ON M 6 = FREEZING RAIN OR DRIZZLE
GRTST DEPTH: M ON M 7 = DUSTSTORM OR SANDSTORM:
VSBY 1/2 MILE OR LESS
8 = SMOKE OR HAZE
[NO. OF DAYS WITH] [WEATHER - DAYS WITH] 9 = BLOWING SNOW
X = TORNADO
MAX 32 OR BELOW: 11 0.01 INCH OR MORE: 5
MAX 90 OR ABOVE: 0 0.10 INCH OR MORE: 2
MIN 32 OR BELOW: 28 0.50 INCH OR MORE: 0
MIN 0 OR BELOW: 7 1.00 INCH OR MORE: 0
[HDD (BASE 65) ]
TOTAL THIS MO. 1211 CLEAR (SCALE 0-3) 0
DPTR FM NORMAL 45 PTCLDY (SCALE 4-7) 0
TOTAL FM JUL 1 5032 CLOUDY (SCALE 8-10) 28
DPTR FM NORMAL -569
[CDD (BASE 65) ]
TOTAL THIS MO. 0
DPTR FM NORMAL 0 [PRESSURE DATA]
TOTAL FM JAN 1 0 HIGHEST SLP 30.82 ON 22
DPTR FM NORMAL 0 LOWEST SLP 29.43 ON 20
[REMARKS]
#FINAL-02-22#