000
CXUS54 KEWX 011110
CF63T5
PRELIMINARY LOCAL CLIMATOLOGICAL DATA (WS FORM: F-6)
STATION: LA GRANGE
MONTH: FEBRUARY
YEAR: 2024
LATITUDE: 29 54 N
LONGITUDE: 96 57 W
TEMPERATURE IN F: :PCPN: SNOW: WIND :SUNSHINE: SKY :PK WND
================================================================================
1 2 3 4 5 6A 6B 7 8 9 10 11 12 13 14 15 16 17 18
12Z AVG MX 2MIN
DY MAX MIN AVG DEP HDD CDD WTR SNW DPTH SPD SPD DIR MIN PSBL S-S WX SPD DR
================================================================================
1 72 45 59 M 6 0 0.00 M M 5.8 15 180 M M 3 17 180
2 69 55 62 M 3 0 0.03 M M 5.9 13 160 M M 9 13 31 50
3 73 50 62 M 3 0 0.08 M M 5.7 12 290 M M 5 13 21 210
4 68 49 59 M 6 0 T M M 11.4 24 310 M M 2 33 M
5 62 49 56 M 9 0 0.00 M M 12.0 18 330 M M 6 25 330
6 69 40 55 M 10 0 0.00 M M 1.9 7 170 M M 0 M M
7 68 44 56 M 9 0 0.00 M M 8.2 17 150 M M 4 1 25 160
8 74 60 67 M 0 2 T M M 5.6 12 170 M M 7 1 M M
9 74 64 69 M 0 4 0.00 M M 5.5 14 180 M M 8 1 M M
10 71 61 66 M 0 1 0.11 M M 4.6 13 30 M M 9 12 M M
11 69 48 59 M 6 0 T M M 11.5 20 330 M M 9 1 27 340
12 61 42 52 M 13 0 0.00 M M 12.9 22 320 M M 3 30 M
13 66 35 51 M 14 0 0.00 M M 3.5 12 190 M M 0 M M
14 68 40 54 M 11 0 0.00 M M 5.1 10 180 M M 4 M M
15 70 56 63 M 2 0 0.00 M M 2.9 12 160 M M 7 M M
16 69 58 64 M 1 0 T M M 9.6 20 180 M M 8 29 180
17 57 39 48 M 17 0 0.00 M M 13.6 21 10 M M 5 30 M
18 54 33 44 M 21 0 T M M 5.3 9 310 M M 1 M M
19 66 33 50 M 15 0 0.00 M M 6.5 16 190 M M 0 20 190
20 76 42 59 M 6 0 0.00 M M 6.4 15 170 M M 1 12 18 170
21 77 61 69 M 0 4 0.00 M M 12.6 20 180 M M 7 27 180
22 80 62 71 M 0 6 0.00 M M 8.9 16 180 M M 6 22 190
23 75 52 64 M 1 0 0.00 M M 6.9 15 20 M M 2 22 350
24 77 45 61 M 4 0 0.00 M M 3.5 10 180 M M 1 M M
25 81 50 66 M 0 1 0.00 M M 9.6 20 190 M M 0 26 190
26 78 64 71 M 0 6 0.00 M M 10.3 14 170 M M 7 M M
27 81 68 75 M 0 10 0.00 M M 11.0 17 190 M M 7 24 180
28 69 47 58 M 7 0 0.00 M M 13.0 22 10 M M 4 1 37 M
29 50 45 48 M 17 0 T M M 7.6 13 10 M M 8 17 350
================================================================================
SM 2024 1437 181 34 0.22 M 227.1 M 133
================================================================================
AV 69.8 49.6 7.8 FASTST M M 5 MAX(MPH)
MISC ----> 24 310 37 9999
================================================================================
NOTES:
# LAST OF SEVERAL OCCURRENCES
COLUMN 17 PEAK WIND IN M.P.H.
PRELIMINARY LOCAL CLIMATOLOGICAL DATA (WS FORM: F-6) , PAGE 2
STATION: LA GRANGE
MONTH: FEBRUARY
YEAR: 2024
LATITUDE: 29 54 N
LONGITUDE: 96 57 W
[TEMPERATURE DATA] [PRECIPITATION DATA] SYMBOLS USED IN COLUMN 16
AVERAGE MONTHLY: 59.7 TOTAL FOR MONTH: 0.22 1 = FOG OR MIST
DPTR FM NORMAL: 0.0 DPTR FM NORMAL: M 2 = FOG REDUCING VISIBILITY
HIGHEST: 81 ON 27,25 GRTST 24HR 0.11 ON 10-10 TO 1/4 MILE OR LESS
LOWEST: 33 ON 19,18 3 = THUNDER
SNOW, ICE PELLETS, HAIL 4 = ICE PELLETS
TOTAL MONTH: M 5 = HAIL
GRTST 24HR M ON M 6 = FREEZING RAIN OR DRIZZLE
GRTST DEPTH: M ON M 7 = DUSTSTORM OR SANDSTORM:
VSBY 1/2 MILE OR LESS
8 = SMOKE OR HAZE
[NO. OF DAYS WITH] [WEATHER - DAYS WITH] 9 = BLOWING SNOW
X = TORNADO
MAX 32 OR BELOW: 0 0.01 INCH OR MORE: 3
MAX 90 OR ABOVE: 0 0.10 INCH OR MORE: 1
MIN 32 OR BELOW: 0 0.50 INCH OR MORE: 0
MIN 0 OR BELOW: 0 1.00 INCH OR MORE: 0
[HDD (BASE 65) ]
TOTAL THIS MO. 181 CLEAR (SCALE 0-3) 10
DPTR FM NORMAL M PTCLDY (SCALE 4-7) 14
TOTAL FM JUL 1 1219 CLOUDY (SCALE 8-10) 5
DPTR FM NORMAL M
[CDD (BASE 65) ]
TOTAL THIS MO. 34
DPTR FM NORMAL M [PRESSURE DATA]
TOTAL FM JAN 1 34 HIGHEST SLP M ON M
DPTR FM NORMAL M LOWEST SLP M ON M
[REMARKS]
#FINAL-02-24#