000
CXUS53 KABR 011629
CLM8D3
CLIMATE REPORT
NATIONAL WEATHER SERVICE ABERDEEN SD
1029 AM CST FRI DEC 01 2023
...................................
...THE SISSETON SD CLIMATE SUMMARY FOR THE MONTH OF NOVEMBER 2023...
CLIMATE NORMAL PERIOD 1991 TO 2020
CLIMATE RECORD PERIOD 1932 TO 2023
WEATHER OBSERVED NORMAL DEPART LAST YEAR`S
VALUE DATE(S) VALUE FROM VALUE DATE(S)
NORMAL
................................................................
TEMPERATURE (F)
RECORD
HIGH 79 11/02/1965
LOW -18 11/30/1964
HIGHEST 63 11/14 39 24 74 11/01
LOWEST 3 11/27 MM MM 6 11/30
AVG. MAXIMUM 46.9 41.5 5.4 40.2
AVG. MINIMUM 23.1 22.4 0.7 23.8
MEAN 35.0 31.9 3.1 32.0
DAYS MAX >= 90 0 0.0 0.0 0
DAYS MAX <= 32 5 6.9 -1.9 12
DAYS MIN <= 32 25 24.5 0.5 24
DAYS MIN <= 0 0 0.7 -0.7 0
PRECIPITATION (INCHES)
RECORD
MAXIMUM 4.77 1977
MINIMUM 0.00 1999
TOTALS 0.27 0.64 -0.37 1.20
DAYS >= .01 4 5.7 -1.7 9
DAYS >= .10 2 1.7 0.3 2
DAYS >= .50 0 0.3 -0.3 1
DAYS >= 1.00 0 0.0 0.0 0
SNOWFALL (INCHES)
RECORDS
TOTAL 27.5 1977
SNOW DEPTH 13 11/30/2005
TOTALS T 4.6 -4.6 2.4
SINCE 7/1 T 5.6 -5.6 MM
SNOWDEPTH AVG. T 0
DAYS >= TRACE 3 2.4 0.6 13
DAYS >= 1.0 0 1.2 -1.2 1
GREATEST
SNOW DEPTH MM 2 11/18
11/19
11/20
DEGREE DAYS
HEATING TOTAL 893 992 -99 983
SINCE 7/1 1566 1781 -215 MM
COOLING TOTAL 0 0 0 2
SINCE 1/1 810 567 243 MM
FREEZE DATES
RECORD
EARLIEST MM
LATEST MM
EARLIEST 10/07
LATEST 04/26
................................................................
WIND (MPH)
AVERAGE WIND SPEED 10.8
RESULTANT WIND SPEED/DIRECTION 5/280
HIGHEST WIND SPEED/DIRECTION 38/350 DATE 11/16
HIGHEST GUST SPEED/DIRECTION 53/230 DATE 11/22
SKY COVER
POSSIBLE SUNSHINE (PERCENT) MM
AVERAGE SKY COVER 0.00
NUMBER OF DAYS FAIR 30
NUMBER OF DAYS PC 0
NUMBER OF DAYS CLOUDY 0
AVERAGE RH (PERCENT) 66
WEATHER CONDITIONS. NUMBER OF DAYS WITH
THUNDERSTORM 0 MIXED PRECIP 0
HEAVY RAIN 0 RAIN 0
LIGHT RAIN 0 FREEZING RAIN 0
LT FREEZING RAIN 0 HAIL 0
HEAVY SNOW 0 SNOW 0
LIGHT SNOW 0 SLEET 0
FOG 0 FOG W/VIS <= 1/4 MILE 0
HAZE 0
- INDICATES NEGATIVE NUMBERS.
R INDICATES RECORD WAS SET OR TIED.
MM INDICATES DATA IS MISSING.
T INDICATES TRACE AMOUNT.
$$