000
CXUS52 KTAE 010800
CF6AAF
PRELIMINARY LOCAL CLIMATOLOGICAL DATA (WS FORM: F-6)
STATION: APALACHICOLA
MONTH: MAY
YEAR: 2021
LATITUDE: 29 43 N
LONGITUDE: 85 2 W
TEMPERATURE IN F: :PCPN: SNOW: WIND :SUNSHINE: SKY :PK WND
================================================================================
1 2 3 4 5 6A 6B 7 8 9 10 11 12 13 14 15 16 17 18
12Z AVG MX 2MIN
DY MAX MIN AVG DEP HDD CDD WTR SNW DPTH SPD SPD DIR MIN PSBL S-S WX SPD DR
================================================================================
1 82 62 72 1 0 7 0.00 0.0 M 6.5 14 140 M M 0 19 160
2 81 62 72 1 0 7 0.00 0.0 M 6.4 15 170 M M 1 19 160
3 85 76 81 10 0 16 0.00 0.0 M 12.1 16 180 M M 6 1 22 190
4 86 76 81 9 0 16 0.00 0.0 M 10.5 17 180 M M 6 1 22 150
5 83 68 76 4 0 11 1.05 0.0 M 6.0 26 300 M M 4 13 36 310
6 81 67 74 2 0 9 1.12 0.0 0 4.5 16 250 M M 5 13 21 240
7 83 57 70 -2 0 5 0.00 0.0 0 8.3 20 290 M M 0 25 340
8 76 54 65 -8 0 0 0.00 0.0 0 6.4 14 150 M M 0 17 160
9 82 56 69 -4 0 4 0.00 0.0 0 9.8 18 150 M M 2 23 160
10 81 69 75 2 0 10 0.47 0.0 0 6.5 23 300 M M 4 13 32 320
11 82 69 76 2 0 11 T 0.0 0 5.3 17 350 M M 6 3 25 350
12 84 67 76 2 0 11 0.27 M M 4.9 25 250 M M 4 13 32 250
13 73 59 66 -8 0 1 0.12 M M 8.5 16 40 M M 10 1 21 30
14 77 60 69 -5 0 4 0.00 M M 7.3 14 170 M M 3 19 90
15 79 58 69 -6 0 4 0.00 M M 8.4 20 110 M M 0 26 110
16 79 61 70 -5 0 5 0.00 0.0 0 8.2 16 100 M M 0 21 120
17 80 62 71 -4 0 6 0.00 0.0 0 8.5 18 140 M M 0 23 140
18 82 72 77 2 0 12 0.00 0.0 0 12.0 22 100 M M 3 32 110
19 83 73 78 2 0 13 0.00 0.0 0 13.1 21 110 M M 0 33 110
20 83 74 79 3 0 14 0.00 0.0 M 14.2 23 100 M M 2 33 100
21 84 73 79 3 0 14 0.00 0.0 0 13.1 22 110 M M 1 32 110
22 83 67 75 -1 0 10 0.00 0.0 M 8.9 18 100 M M 2 27 90
23 81 66 74 -3 0 9 0.00 0.0 M 7.5 16 170 M M 0 19 160
24 86 63 75 -2 0 10 0.00 0.0 0 4.0 14 200 M M 0 16 250
25 86 64 75 -2 0 10 0.00 0.0 0 4.5 14 150 M M 0 18 150
26 85 67 76 -1 0 11 0.00 0.0 0 5.2 14 200 M M 0 1 17 200
27 84 65 75 -3 0 10 0.00 0.0 0 4.5 13 200 M M 2 1 16 200
28 85 66 76 -2 0 11 0.00 0.0 0 7.8 17 230 M M 1 21 220
29 91 73 82 4 0 17 0.12 0.0 M 8.3 18 250 M M 2 3 22 300
30 82 67 75 -3 0 10 0.00 0.0 0 7.4 16 10 M M 0 19 10
31 84 63 74 -4 0 9 0.00 0.0 0 7.3 18 110 M M 2 25 110
================================================================================
SM 2553 2036 0 287 3.15 0.0 245.9 M 66
================================================================================
AV 82.4 65.7 7.9 FASTST M M 2 MAX(MPH)
MISC ----> 26 300 36 310
================================================================================
NOTES:
# LAST OF SEVERAL OCCURRENCES
COLUMN 17 PEAK WIND IN M.P.H.
PRELIMINARY LOCAL CLIMATOLOGICAL DATA (WS FORM: F-6) , PAGE 2
STATION: APALACHICOLA
MONTH: MAY
YEAR: 2021
LATITUDE: 29 43 N
LONGITUDE: 85 2 W
[TEMPERATURE DATA] [PRECIPITATION DATA] SYMBOLS USED IN COLUMN 16
AVERAGE MONTHLY: 74.0 TOTAL FOR MONTH: 3.15 1 = FOG OR MIST
DPTR FM NORMAL: -0.8 DPTR FM NORMAL: 1.28 2 = FOG REDUCING VISIBILITY
HIGHEST: 91 ON 29 GRTST 24HR 1.30 ON 5- 6 TO 1/4 MILE OR LESS
LOWEST: 54 ON 8 3 = THUNDER
SNOW, ICE PELLETS, HAIL 4 = ICE PELLETS
TOTAL MONTH: 0.0 INCH 5 = HAIL
GRTST 24HR 0.0 6 = FREEZING RAIN OR DRIZZLE
GRTST DEPTH: 0 7 = DUSTSTORM OR SANDSTORM:
VSBY 1/2 MILE OR LESS
8 = SMOKE OR HAZE
[NO. OF DAYS WITH] [WEATHER - DAYS WITH] 9 = BLOWING SNOW
X = TORNADO
MAX 32 OR BELOW: 0 0.01 INCH OR MORE: 6
MAX 90 OR ABOVE: 1 0.10 INCH OR MORE: 6
MIN 32 OR BELOW: 0 0.50 INCH OR MORE: 2
MIN 0 OR BELOW: 0 1.00 INCH OR MORE: 2
[HDD (BASE 65) ]
TOTAL THIS MO. 0 CLEAR (SCALE 0-3) 23
DPTR FM NORMAL -2 PTCLDY (SCALE 4-7) 7
TOTAL FM JUL 1 1098 CLOUDY (SCALE 8-10) 1
DPTR FM NORMAL -124
[CDD (BASE 65) ]
TOTAL THIS MO. 287
DPTR FM NORMAL -19 [PRESSURE DATA]
TOTAL FM JAN 1 503 HIGHEST SLP 30.32 ON 21
DPTR FM NORMAL 24 LOWEST SLP 29.85 ON 29
[REMARKS]
#FINAL-05-21#