000
CXUS56 KMFR 010930
CF6AAT
PRELIMINARY LOCAL CLIMATOLOGICAL DATA (WS FORM: F-6)
STATION: ALTURAS CA
MONTH: SEPTEMBER
YEAR: 2023
LATITUDE: 41 29 N
LONGITUDE: 120 34 W
TEMPERATURE IN F: :PCPN: SNOW: WIND :SUNSHINE: SKY :PK WND
================================================================================
1 2 3 4 5 6A 6B 7 8 9 10 11 12 13 14 15 16 17 18
12Z AVG MX 2MIN
DY MAX MIN AVG DEP HDD CDD WTR SNW DPTH SPD SPD DIR MIN PSBL S-S WX SPD DR
================================================================================
1 65 45 55 -7 10 0 0.14 M M 6.3 20 150 M M 6 1 27 150
2 59 42 51 -11 14 0 0.29 M M 3.7 13 160 M M 8 1 19 180
3 69 46 58 -4 7 0 0.01 M M 6.5 18 300 M M 7 1 24 260
4 72 47 60 -2 5 0 0.00 M M 2.0 12 290 M M 5 15 280
5 79 42 61 -1 4 0 0.00 M M 3.9 14 260 M M 2 19 250
6 79 42 61 0 4 0 0.00 M M 4.5 21 260 M M 1 28 280
7 80 40 60 -1 5 0 0.00 M M 5.2 21 260 M M 0 30 300
8 80 39 60 -1 5 0 0.00 M M 3.7 12 270 M M 0 17 270
9 82 38 60 -1 5 0 0.00 M M 2.8 14 280 M M 0 20 290
10 82 37 60 0 5 0 0.00 M M 2.4 12 250 M M 0 16 220
11 84 37 61 1 4 0 0.00 M M 3.3 15 260 M M 0 21 270
12 83 40 62 2 3 0 0.00 M M 3.6 16 330 M M 0 23 330
13 82 41 62 2 3 0 0.00 M M 3.5 12 330 M M 0 17 330
14 85 37 61 2 4 0 0.00 M M 2.1 8 60 M M 0 M M
15 86 36 61 2 4 0 0.00 M M 2.0 10 130 M M 0 15 120
16 88 38 63 4 2 0 0.00 M M 2.1 10 200 M M 0 15 260
17 88 44 66 8 0 1 0.00 M M 1.7 12 210 M M 1 16 190
18 84 43 64 6 1 0 T M M 5.0 18 310 M M 2 28 310
19 80 39 60 2 5 0 0.00 M M 3.4 15 310 M M 0 20 320
20 69 32 51 -6 14 0 0.00 M M 8.2 22 320 M M 0 31 320
21 55 31 43 -14 22 0 T M M 4.2 21 20 M M 4 8 28 20
22 68 28 48 -8 17 0 0.00 M M 2.2 9 80 M M 1 15 70
23 73 29 51 -5 14 0 0.00 M M 5.0 20 270 M M 0 29 230
24 70 45 58 2 7 0 0.00 M M 5.6 21 170 M M 1 28 170
25 75 48 62 7 3 0 T M M 13.2 32 210 M M 3 8 49 180
26 66 37 52 -3 13 0 0.04 M M 8.9 24 280 M M 3 1 31 240
27 68 31 50 -5 15 0 0.00 M M 4.8 18 260 M M 1 25 260
28 67 28 48 -6 17 0 0.00 M M 2.2 14 270 M M 0 18 270
29 65 28 47 -7 18 0 0.14 M M 4.9 20 270 M M 4 1 27 270
30 50 43 47 -7 18 0 0.30 M M 9.3 21 20 M M 10 1 31 10
================================================================================
SM 2233 1153 248 1 0.92 M 136.2 M 59
================================================================================
AV 74.4 38.4 4.5 FASTST M M 2 MAX(MPH)
MISC ----> 32 210 49 180
================================================================================
NOTES:
# LAST OF SEVERAL OCCURRENCES
COLUMN 17 PEAK WIND IN M.P.H.
PRELIMINARY LOCAL CLIMATOLOGICAL DATA (WS FORM: F-6) , PAGE 2
STATION: ALTURAS CA
MONTH: SEPTEMBER
YEAR: 2023
LATITUDE: 41 29 N
LONGITUDE: 120 34 W
[TEMPERATURE DATA] [PRECIPITATION DATA] SYMBOLS USED IN COLUMN 16
AVERAGE MONTHLY: 56.4 TOTAL FOR MONTH: 0.92 1 = FOG OR MIST
DPTR FM NORMAL: -2.1 DPTR FM NORMAL: 0.57 2 = FOG REDUCING VISIBILITY
HIGHEST: 88 ON 17,16 GRTST 24HR 0.44 ON 29-30 TO 1/4 MILE OR LESS
LOWEST: 28 ON 29,28 3 = THUNDER
SNOW, ICE PELLETS, HAIL 4 = ICE PELLETS
TOTAL MONTH: M 5 = HAIL
GRTST 24HR M ON M 6 = FREEZING RAIN OR DRIZZLE
GRTST DEPTH: M ON M 7 = DUSTSTORM OR SANDSTORM:
VSBY 1/2 MILE OR LESS
8 = SMOKE OR HAZE
[NO. OF DAYS WITH] [WEATHER - DAYS WITH] 9 = BLOWING SNOW
X = TORNADO
MAX 32 OR BELOW: 0 0.01 INCH OR MORE: 6
MAX 90 OR ABOVE: 0 0.10 INCH OR MORE: 4
MIN 32 OR BELOW: 7 0.50 INCH OR MORE: 0
MIN 0 OR BELOW: 0 1.00 INCH OR MORE: 0
[HDD (BASE 65) ]
TOTAL THIS MO. 248 CLEAR (SCALE 0-3) 22
DPTR FM NORMAL 38 PTCLDY (SCALE 4-7) 7
TOTAL FM JUL 1 281 CLOUDY (SCALE 8-10) 1
DPTR FM NORMAL -5
[CDD (BASE 65) ]
TOTAL THIS MO. 1
DPTR FM NORMAL -12 [PRESSURE DATA]
TOTAL FM JAN 1 243 HIGHEST SLP M ON M
DPTR FM NORMAL 8 LOWEST SLP 29.67 ON 1
[REMARKS]
#FINAL-09-23#