000
CXUS51 KPHI 010815
CF6ABE
PRELIMINARY LOCAL CLIMATOLOGICAL DATA (WS FORM: F-6)
STATION: ALLENTOWN PA
MONTH: SEPTEMBER
YEAR: 2021
LATITUDE: 40 39 N
LONGITUDE: 75 26 W
TEMPERATURE IN F: :PCPN: SNOW: WIND :SUNSHINE: SKY :PK WND
================================================================================
1 2 3 4 5 6A 6B 7 8 9 10 11 12 13 14 15 16 17 18
12Z AVG MX 2MIN
DY MAX MIN AVG DEP HDD CDD WTR SNW DPTH SPD SPD DIR MIN PSBL S-S WX SPD DR
================================================================================
1 73 62 68 -3 0 3 4.15 0.0 0 12.0 32 40 M M 10 1 42 40
2 74 55 65 -6 0 0 0.00 0.0 0 9.4 20 360 M M 1 28 350
3 72 53 63 -7 2 0 0.00 0.0 0 5.7 15 330 M M 4 18 320
4 77 53 65 -5 0 0 0.00 0.0 0 3.8 10 240 M M 0 15 300
5 71 57 64 -6 1 0 0.03 0.0 0 4.4 12 210 M M 8 16 190
6 81 60 71 1 0 6 0.00 0.0 0 6.4 21 250 M M 3 27 250
7 80 53 67 -2 0 2 0.00 0.0 0 4.6 14 220 M M 1 18 260
8 86 58 72 3 0 7 1.47 0.0 0 6.4 18 170 M M 3 3 30 170
9 74 57 66 -3 0 1 0.28 0.0 0 3.6 9 260 M M 5 12 280
10 74 54 64 -4 1 0 0.00 0.0 0 7.7 22 330 M M 2 28 330
11 76 49 63 -5 2 0 0.00 0.0 0 5.5 14 230 M M 0 21 220
12 81 54 68 0 0 3 0.00 0.0 0 6.2 17 240 M M 1 21 240
13 84 63 74 7 0 9 0.02 0.0 0 7.0 26 340 M M 3 3 38 340
14 84 61 73 6 0 8 0.00 0.0 0 5.0 13 220 M M 3 22 170
15 88 66 77 10 0 12 0.34 0.0 0 6.9 21 210 M M 3 13 26 220
16 76 65 71 5 0 6 0.01 0.0 0 8.2 18 60 M M 7 20 50
17 76 65 71 5 0 6 T 0.0 0 6.2 14 80 M M 8 16 100
18 84 65 75 9 0 10 0.00 0.0 0 4.5 12 320 M M 5 15 320
19 78 55 67 2 0 2 0.00 0.0 0 3.5 14 30 M M 0 18 360
20 77 50 64 -1 1 0 0.00 0.0 0 6.1 14 140 M M 1 22 140
21 78 54 66 2 0 1 0.00 0.0 0 7.4 13 130 M M 5 18 130
22 82 69 76 12 0 11 0.02 0.0 0 10.0 20 160 M M 8 31 140
23 75 56 66 2 0 1 1.76 0.0 0 8.8 21 130 M M 10 3 32 120
24 70 47 59 -4 6 0 0.00 0.0 0 3.9 16 240 M M 1 23 240
25 75 47 61 -2 4 0 0.00 0.0 0 2.0 12 240 M M 0 1 19 250
26 71 52 62 0 3 0 0.00 0.0 0 7.3 20 280 M M 2 24 290
27 80 51 66 4 0 1 0.00 0.0 0 9.1 22 220 M M 1 28 220
28 72 54 63 1 2 0 0.04 0.0 0 5.5 15 240 M M 3 3 21 250
29 68 47 58 -3 7 0 0.00 0.0 0 6.8 20 340 M M 4 25 320
30 66 48 57 -4 8 0 0.00 0.0 0 6.9 16 330 M M 5 22 320
================================================================================
SM 2303 1680 37 89 8.12 0.0 190.8 M 107
================================================================================
AV 76.8 56.0 6.4 FASTST M M 4 MAX(MPH)
MISC ----> 32 40 42 40
================================================================================
NOTES:
# LAST OF SEVERAL OCCURRENCES
COLUMN 17 PEAK WIND IN M.P.H.
PRELIMINARY LOCAL CLIMATOLOGICAL DATA (WS FORM: F-6) , PAGE 2
STATION: ALLENTOWN PA
MONTH: SEPTEMBER
YEAR: 2021
LATITUDE: 40 39 N
LONGITUDE: 75 26 W
[TEMPERATURE DATA] [PRECIPITATION DATA] SYMBOLS USED IN COLUMN 16
AVERAGE MONTHLY: 66.4 TOTAL FOR MONTH: 8.12 1 = FOG OR MIST
DPTR FM NORMAL: 0.1 DPTR FM NORMAL: 3.28 2 = FOG REDUCING VISIBILITY
HIGHEST: 88 ON 15 GRTST 24HR 4.15 ON 1- 1 TO 1/4 MILE OR LESS
LOWEST: 47 ON 29,25 3 = THUNDER
SNOW, ICE PELLETS, HAIL 4 = ICE PELLETS
TOTAL MONTH: 0.0 INCH 5 = HAIL
GRTST 24HR 0.0 6 = FREEZING RAIN OR DRIZZLE
GRTST DEPTH: 0 7 = DUSTSTORM OR SANDSTORM:
VSBY 1/2 MILE OR LESS
8 = SMOKE OR HAZE
[NO. OF DAYS WITH] [WEATHER - DAYS WITH] 9 = BLOWING SNOW
X = TORNADO
MAX 32 OR BELOW: 0 0.01 INCH OR MORE: 10
MAX 90 OR ABOVE: 0 0.10 INCH OR MORE: 5
MIN 32 OR BELOW: 0 0.50 INCH OR MORE: 3
MIN 0 OR BELOW: 0 1.00 INCH OR MORE: 3
[HDD (BASE 65) ]
TOTAL THIS MO. 37 CLEAR (SCALE 0-3) 15
DPTR FM NORMAL -32 PTCLDY (SCALE 4-7) 13
TOTAL FM JUL 1 41 CLOUDY (SCALE 8-10) 2
DPTR FM NORMAL -33
[CDD (BASE 65) ]
TOTAL THIS MO. 89
DPTR FM NORMAL -19 [PRESSURE DATA]
TOTAL FM JAN 1 984 HIGHEST SLP 30.35 ON 21
DPTR FM NORMAL 16 LOWEST SLP 29.57 ON 1
[REMARKS]
#FINAL-09-21#