000
CXUS54 KSJT 011100
CF6ABI
PRELIMINARY LOCAL CLIMATOLOGICAL DATA (WS FORM: F-6)
STATION: ABILENE
MONTH: NOVEMBER
YEAR: 2023
LATITUDE: 32 25 N
LONGITUDE: 99 41 W
TEMPERATURE IN F: :PCPN: SNOW: WIND :SUNSHINE: SKY :PK WND
================================================================================
1 2 3 4 5 6A 6B 7 8 9 10 11 12 13 14 15 16 17 18
12Z AVG MX 2MIN
DY MAX MIN AVG DEP HDD CDD WTR SNW DPTH SPD SPD DIR MIN PSBL S-S WX SPD DR
================================================================================
1 62 30 46 -15 19 0 0.00 0.0 0 6.2 10 150 M M 0 M M
2 68 39 54 -6 11 0 0.00 0.0 0 10.7 22 200 M M 0 30 190
3 74 50 62 2 3 0 0.00 0.0 0 12.7 22 190 M M 0 30 180
4 77 55 66 6 0 1 0.00 0.0 0 11.2 24 200 M M 0 37 230
5 80 51 66 7 0 1 0.00 0.0 M 9.6 23 210 M M 0 35 220
6 87 65 76 17 0 11 0.00 0.0 0 16.2 24 200 M M 0 37 230
7 91 64 78 19 0 13 0.00 0.0 0 13.3 22 200 M M 0 35 210
8 93 64 79 21 0 14 0.00 0.0 0 11.9 21 200 M M 0 35 230
9 63 48 56 -2 9 0 0.09 0.0 0 13.4 21 10 M M 9 1 29 20
10 63 47 55 -3 10 0 T 0.0 0 8.8 15 50 M M 8 21 50
11 65 52 59 2 6 0 0.00 0.0 0 3.5 9 20 M M 8 13 20
12 65 42 54 -3 11 0 0.00 0.0 0 2.7 9 140 M M 3 12 11 130
13 60 50 55 -1 10 0 0.02 0.0 0 3.7 10 110 M M 9 13 140
14 71 50 61 5 4 0 0.00 0.0 0 2.3 8 260 M M 4 12 60
15 73 44 59 3 6 0 0.00 0.0 0 5.1 12 130 M M 0 12 16 200
16 72 50 61 6 4 0 0.00 0.0 0 10.6 21 190 M M 0 28 230
17 64 53 59 4 6 0 0.01 0.0 0 11.9 22 340 M M 6 1 34 330
18 64 53 59 5 6 0 0.00 0.0 0 5.8 16 180 M M 7 1 23 170
19 70 55 63 9 2 0 0.01 0.0 0 10.7 21 200 M M 6 1 33 180
20 68 52 60 6 5 0 0.00 0.0 0 12.8 28 340 M M 2 1 41 330
21 60 36 48 -6 17 0 0.00 0.0 0 16.0 28 350 M M 6 40 340
22 65 30 48 -5 17 0 0.00 0.0 0 4.4 10 160 M M 0 17 310
23 68 37 53 0 12 0 0.00 0.0 0 8.8 18 220 M M 0 23 200
24 66 39 53 1 12 0 0.00 0.0 0 4.8 12 350 M M 2 15 350
25 56 39 48 -4 17 0 T 0.0 0 7.9 21 350 M M 10 1 25 350
26 53 32 43 -9 22 0 T 0.0 0 12.0 28 330 M M 3 1 38 330
27 56 25 41 -11 24 0 0.00 0.0 0 4.1 10 110 M M 3 14 120
28 63 38 51 0 14 0 0.00 0.0 0 6.9 15 200 M M 2 21 220
29 64 39 52 1 13 0 0.00 0.0 0 11.9 24 180 M M 4 35 230
30 75 49 62 11 3 0 0.00 0.0 0 12.1 28 280 M M 7 1 41 270
================================================================================
SM 2056 1378 263 40 0.13 0.0 272.0 M 99
================================================================================
AV 68.5 45.9 9.1 FASTST M M 3 MAX(MPH)
MISC ----> # 28 340 # 41 330
================================================================================
NOTES:
# LAST OF SEVERAL OCCURRENCES
COLUMN 17 PEAK WIND IN M.P.H.
PRELIMINARY LOCAL CLIMATOLOGICAL DATA (WS FORM: F-6) , PAGE 2
STATION: ABILENE
MONTH: NOVEMBER
YEAR: 2023
LATITUDE: 32 25 N
LONGITUDE: 99 41 W
[TEMPERATURE DATA] [PRECIPITATION DATA] SYMBOLS USED IN COLUMN 16
AVERAGE MONTHLY: 57.2 TOTAL FOR MONTH: 0.13 1 = FOG OR MIST
DPTR FM NORMAL: 1.7 DPTR FM NORMAL: -1.27 2 = FOG REDUCING VISIBILITY
HIGHEST: 93 ON 8 GRTST 24HR 0.09 ON 9- 9 TO 1/4 MILE OR LESS
LOWEST: 25 ON 27 3 = THUNDER
SNOW, ICE PELLETS, HAIL 4 = ICE PELLETS
TOTAL MONTH: 0.0 INCH 5 = HAIL
GRTST 24HR 0.0 6 = FREEZING RAIN OR DRIZZLE
GRTST DEPTH: 0 7 = DUSTSTORM OR SANDSTORM:
VSBY 1/2 MILE OR LESS
8 = SMOKE OR HAZE
[NO. OF DAYS WITH] [WEATHER - DAYS WITH] 9 = BLOWING SNOW
X = TORNADO
MAX 32 OR BELOW: 0 0.01 INCH OR MORE: 4
MAX 90 OR ABOVE: 2 0.10 INCH OR MORE: 0
MIN 32 OR BELOW: 4 0.50 INCH OR MORE: 0
MIN 0 OR BELOW: 0 1.00 INCH OR MORE: 0
[HDD (BASE 65) ]
TOTAL THIS MO. 263 CLEAR (SCALE 0-3) 17
DPTR FM NORMAL -44 PTCLDY (SCALE 4-7) 8
TOTAL FM JUL 1 365 CLOUDY (SCALE 8-10) 5
DPTR FM NORMAL -32
[CDD (BASE 65) ]
TOTAL THIS MO. 40
DPTR FM NORMAL 17 [PRESSURE DATA]
TOTAL FM JAN 1 3327 HIGHEST SLP 30.49 ON 1
DPTR FM NORMAL 633 LOWEST SLP 29.59 ON 30
[REMARKS]
#FINAL-11-23#