000
CXUS55 KABQ 011409
CLMABQ
CLIMATE REPORT
NATIONAL WEATHER SERVICE ALBUQUERQUE NM
809 AM MDT SUN OCT 01 2023
...................................
...THE ALBUQUERQUE NM CLIMATE SUMMARY FOR THE MONTH OF SEPTEMBER 2023...
CLIMATE NORMAL PERIOD 1991 TO 2020
CLIMATE RECORD PERIOD 1891 TO 2023
WEATHER OBSERVED NORMAL DEPART LAST YEAR`S
VALUE DATE(S) VALUE FROM VALUE DATE(S)
NORMAL
................................................................
TEMPERATURE (F)
RECORD
HIGH 100 09/05/1979
LOW 35 09/29/1936
09/28/1936
09/27/1936
HIGHEST 97 09/07 92 5 94 09/02
09/07
LOWEST 50 09/13 44 6 53 09/30
AVG. MAXIMUM 85.0 82.5 2.5 85.7
AVG. MINIMUM 60.6 58.1 2.5 60.7
MEAN 72.8 70.3 2.5 73.2
DAYS MAX >= 90 8 3.7 4.3 5
DAYS MAX <= 32 0 0.0 0.0 0
DAYS MIN <= 32 0 0.0 0.0 0
DAYS MIN <= 0 0 0.0 0.0 0
PRECIPITATION (INCHES)
RECORD
MAXIMUM 3.97 2013
MINIMUM T 1957
TOTALS 1.23 1.15 0.08 0.23
DAILY AVG. 0.04 0.04 0.00 0.01
DAYS >= .01 6 5.9 0.1 4
DAYS >= .10 3 2.5 0.5 1
DAYS >= .50 1 0.8 0.2 0
DAYS >= 1.00 0 0.1 -0.1 0
GREATEST
24 HR. TOTAL 0.78 09/12 TO 09/13 0.17
SNOWFALL (INCHES)
RECORDS
TOTAL T 2006
TOTALS TR 0.0 0.0 0.0
SINCE 7/1 T 0.0 0.0 MM
SNOWDEPTH AVG. 0 0
DAYS >= 1.0 0 0.0 0.0 0
GREATEST
SNOW DEPTH 0 0 MM
24 HR TOTAL MM MM
DEGREE DAYS
HEATING TOTAL 7 20 -13 0
SINCE 7/1 7 18 -11 MM
COOLING TOTAL 249 179 70 255
SINCE 1/1 1756 1423 333 MM
................................................................
WIND (MPH)
AVERAGE WIND SPEED 6.9
HIGHEST WIND SPEED/DIRECTION 36/230 DATE 09/03
HIGHEST GUST SPEED/DIRECTION 50/210 DATE 09/03
SKY COVER
POSSIBLE SUNSHINE (PERCENT) MM
AVERAGE SKY COVER 0.39
NUMBER OF DAYS FAIR 15
NUMBER OF DAYS PC 11
NUMBER OF DAYS CLOUDY 4
AVERAGE RH (PERCENT) 41
WEATHER CONDITIONS. NUMBER OF DAYS WITH
THUNDERSTORM 8 MIXED PRECIP 0
HEAVY RAIN 1 RAIN 3
LIGHT RAIN 6 FREEZING RAIN 0
LT FREEZING RAIN 0 HAIL 1
HEAVY SNOW 0 SNOW 0
LIGHT SNOW 0 SLEET 0
FOG 2 FOG W/VIS <= 1/4 MILE 0
HAZE 2
- INDICATES NEGATIVE NUMBERS.
R INDICATES RECORD WAS SET OR TIED.
MM INDICATES DATA IS MISSING.
T INDICATES TRACE AMOUNT.
$$