000
CXUS53 KABR 021138
CF6ABR
PRELIMINARY LOCAL CLIMATOLOGICAL DATA (WS FORM: F-6)
STATION: ABERDEEN SD
MONTH: APRIL
YEAR: 2023
LATITUDE: 45 27 N
LONGITUDE: 98 26 W
TEMPERATURE IN F: :PCPN: SNOW: WIND :SUNSHINE: SKY :PK WND
================================================================================
1 2 3 4 5 6A 6B 7 8 9 10 11 12 13 14 15 16 17 18
12Z AVG MX 2MIN
DY MAX MIN AVG DEP HDD CDD WTR SNW DPTH SPD SPD DIR MIN PSBL S-S WX SPD DR
================================================================================
1 29 11 20 -18 45 0 0.00 0.0 20 10.0 26 340 M M 0 8 35 340
2 43 14 29 -10 36 0 0.00 0.0 20 9.9 24 300 M M 1 31 310
3 37 26 32 -7 33 0 0.00 0.0 17 9.9 18 30 M M 8 24 30
4 30 22 26 -14 39 0 0.76 11.0 16 19.4 26 360 M M 10 12 36 10
5 25 14 20 -20 45 0 T T 26 21.4 35 290 M M 5 189 47 300
6 29 0 15 -25 50 0 0.00 0.0 26 6.6 14 230 M M 2 8 14 240
7 38 5 22 -19 43 0 0.00 0.0 26 7.7 17 110 M M 0 23 100
8 42 21 32 -9 33 0 0.00 0.0 25 8.3 17 100 M M 0 21 100
9 45 27 36 -6 29 0 0.00 0.0 23 5.5 16 170 M M 1 18 20 170
10 46 24 35 -7 30 0 0.00 0.0 20 5.2 12 160 M M 0 14 180
11 59 36 48 5 17 0 0.00 0.0 18 9.8 16 170 M M 0 28 270
12 49 34 42 -1 23 0 0.00 0.0 13 11.4 16 20 M M 0 21 20
13 52 36 44 0 21 0 0.11 0.0 7 12.9 25 340 M M 1 13 32 340
14 51 36 44 0 21 0 0.01 0.0 T 13.1 25 330 M M 7 32 320
15 39 35 37 -7 28 0 T 0.0 T 16.6 26 350 M M 10 36 360
16 52 32 42 -3 23 0 0.00 0.0 T 20.5 33 350 M M 2 43 340
17 53 27 40 -5 25 0 0.00 0.0 0 8.4 15 70 M M 0 22 50
18 60 29 45 -1 20 0 0.00 0.0 0 13.5 28 110 M M 0 38 100
19 61 38 50 4 15 0 0.46 0.0 0 10.3 37 90 M M 4 135 48 80
20 46 34 40 -6 25 0 0.09 T 0 14.1 23 290 M M 10 1 32 290
21 37 30 34 -13 31 0 0.06 0.3 T 20.5 30 340 M M 10 1 39 330
22 46 28 37 -10 28 0 0.00 0.0 T 15.2 26 340 M M 4 35 320
23 52 22 37 -11 28 0 0.00 0.0 0 8.4 17 310 M M 3 24 290
24 51 25 38 -10 27 0 0.00 0.0 0 9.6 18 60 M M 0 25 80
25 53 26 40 -8 25 0 0.00 0.0 0 9.5 18 100 M M 1 26 100
26 72 39 56 7 9 0 0.04 0.0 0 12.1 32 210 M M 8 13 47 210
27 65 34 50 1 15 0 0.09 0.0 0 9.1 28 10 M M 8 12 39 20
28 58 35 47 -3 18 0 0.04 0.0 0 12.0 28 360 M M 8 38 360
29 63 36 50 0 15 0 0.01 0.0 0 13.7 35 350 M M 6 46 360
30 59 36 48 -3 17 0 0.00 0.0 0 19.0 33 350 M M 2 43 350
================================================================================
SM 1442 812 814 0 1.67 11.3 363.6 M 111
================================================================================
AV 48.1 27.1 12.1 FASTST M M 4 MAX(MPH)
MISC ----> 37 90 48 80
================================================================================
NOTES:
# LAST OF SEVERAL OCCURRENCES
COLUMN 17 PEAK WIND IN M.P.H.
PRELIMINARY LOCAL CLIMATOLOGICAL DATA (WS FORM: F-6) , PAGE 2
STATION: ABERDEEN SD
MONTH: APRIL
YEAR: 2023
LATITUDE: 45 27 N
LONGITUDE: 98 26 W
[TEMPERATURE DATA] [PRECIPITATION DATA] SYMBOLS USED IN COLUMN 16
AVERAGE MONTHLY: 37.6 TOTAL FOR MONTH: 1.67 1 = FOG OR MIST
DPTR FM NORMAL: -6.9 DPTR FM NORMAL: -0.24 2 = FOG REDUCING VISIBILITY
HIGHEST: 72 ON 26 GRTST 24HR 0.76 ON 4- 4 TO 1/4 MILE OR LESS
LOWEST: 0 ON 6 3 = THUNDER
SNOW, ICE PELLETS, HAIL 4 = ICE PELLETS
TOTAL MONTH: 18.8 INCHES 5 = HAIL
GRTST 24HR 11.0 ON 4- 4 6 = FREEZING RAIN OR DRIZZLE
GRTST DEPTH: 26 ON 7, 6 7 = DUSTSTORM OR SANDSTORM:
VSBY 1/2 MILE OR LESS
8 = SMOKE OR HAZE
[NO. OF DAYS WITH] [WEATHER - DAYS WITH] 9 = BLOWING SNOW
X = TORNADO
MAX 32 OR BELOW: 4 0.01 INCH OR MORE: 10
MAX 90 OR ABOVE: 0 0.10 INCH OR MORE: 3
MIN 32 OR BELOW: 18 0.50 INCH OR MORE: 1
MIN 0 OR BELOW: 1 1.00 INCH OR MORE: 0
[HDD (BASE 65) ]
TOTAL THIS MO. 814 CLEAR (SCALE 0-3) 17
DPTR FM NORMAL 198 PTCLDY (SCALE 4-7) 7
TOTAL FM JUL 1 8637 CLOUDY (SCALE 8-10) 6
DPTR FM NORMAL 736
[CDD (BASE 65) ]
TOTAL THIS MO. 0
DPTR FM NORMAL -1 [PRESSURE DATA]
TOTAL FM JAN 1 0 HIGHEST SLP 30.46 ON 7
DPTR FM NORMAL -1 LOWEST SLP 29.37 ON 19
[REMARKS]
#FINAL-04-23#