000
CXUS53 KABR 011422
CF6ABR
PRELIMINARY LOCAL CLIMATOLOGICAL DATA (WS FORM: F-6)
STATION: ABERDEEN SD
MONTH: DECEMBER
YEAR: 2021
LATITUDE: 45 27 N
LONGITUDE: 98 26 W
TEMPERATURE IN F: :PCPN: SNOW: WIND :SUNSHINE: SKY :PK WND
================================================================================
1 2 3 4 5 6A 6B 7 8 9 10 11 12 13 14 15 16 17 18
12Z AVG MX 2MIN
DY MAX MIN AVG DEP HDD CDD WTR SNW DPTH SPD SPD DIR MIN PSBL S-S WX SPD DR
================================================================================
1 65 29 47 23 18 0 0.02 0.0 0 9.7 21 250 M M 2 29 240
2 47 33 40 17 25 0 0.02 0.0 0 6.3 15 170 M M 8 23 180
3 42 29 36 13 29 0 0.00 0.0 0 7.7 18 360 M M 6 1 24 360
4 34 28 31 9 34 0 0.12 1.0 0 7.7 23 120 M M 10 1 33 120
5 36 22 29 7 36 0 T T 1 21.5 38 330 M M 7 49 320
6 22 -1 11 -11 54 0 0.01 0.2 1 9.9 30 330 M M 4 1 37 340
7 18 -1 9 -12 56 0 0.10 2.2 3 4.5 10 250 M M 5 12 14 110
8 33 2 18 -3 47 0 0.00 0.0 3 9.6 22 150 M M 1 1 28 150
9 41 19 30 10 35 0 0.00 0.0 2 7.2 18 310 M M 1 25 300
10 35 16 26 6 39 0 0.00 0.0 T 3.2 10 170 M M 6 15 160
11 42 12 27 7 38 0 0.00 0.0 T 11.1 18 250 M M 0 24 250
12 39 19 29 10 36 0 0.00 0.0 T 8.4 18 160 M M 0 24 160
13 43 17 30 11 35 0 0.00 0.0 T 5.9 10 170 M M 0 15 210
14 46 29 38 19 27 0 0.00 0.0 0 12.9 21 170 M M 0 29 170
15 39 19 29 11 36 0 T T 0 13.6 32 340 M M 7 12 53 330
16 24 5 15 -3 50 0 T 0.1 T 13.4 39 310 M M 0 52 310
17 16 11 14 -4 51 0 0.17 4.0 T 13.0 22 50 M M 9 1 27 60
18 13 -9 2 -15 63 0 T T 4 8.6 16 330 M M 5 8 21 330
19 31 7 19 2 46 0 0.00 0.0 3 13.2 25 170 M M 2 32 170
20 24 11 18 1 47 0 T T 2 12.3 24 340 M M 4 30 340
21 27 1 14 -2 51 0 0.05 0.5 2 13.5 33 320 M M 4 189 43 320
22 32 13 23 7 42 0 0.00 0.0 2 3.0 9 170 M M 5 1 12 170
23 38 13 26 10 39 0 0.00 0.0 2 9.5 21 170 M M 0 29 170
24 42 15 29 13 36 0 0.00 0.0 1 13.2 26 330 M M 1 33 330
25 17 8 13 -2 52 0 T T T 12.6 22 50 M M 10 27 70
26 26 9 18 3 47 0 0.09 0.5 T 12.4 23 80 M M 10 18 32 80
27 27 -2 13 -2 52 0 0.09 1.0 1 16.9 35 290 M M 4 189 51 300
28 2 -20 -9 -24 74 0 0.07 1.9 1 12.6 24 20 M M 6 8 32 30
29 2 -20 -9 -23 74 0 0.03 0.3 3 5.9 13 360 M M 4 15 10
30 6 -7 0 -14 65 0 0.00 0.0 3 5.0 13 350 M M 4 8 15 340
31 7 -13 -3 -17 68 0 0.01 0.1 3 12.4 24 350 M M 6 8 29 350
================================================================================
SM 916 294 1402 0 0.78 11.8 316.7 M 131
================================================================================
AV 29.5 9.5 10.2 FASTST M M 4 MAX(MPH)
MISC ----> 39 310 53 330
================================================================================
NOTES:
# LAST OF SEVERAL OCCURRENCES
COLUMN 17 PEAK WIND IN M.P.H.
PRELIMINARY LOCAL CLIMATOLOGICAL DATA (WS FORM: F-6) , PAGE 2
STATION: ABERDEEN SD
MONTH: DECEMBER
YEAR: 2021
LATITUDE: 45 27 N
LONGITUDE: 98 26 W
[TEMPERATURE DATA] [PRECIPITATION DATA] SYMBOLS USED IN COLUMN 16
AVERAGE MONTHLY: 19.5 TOTAL FOR MONTH: 0.78 1 = FOG OR MIST
DPTR FM NORMAL: 1.2 DPTR FM NORMAL: 0.17 2 = FOG REDUCING VISIBILITY
HIGHEST: 65 ON 1 GRTST 24HR 0.18 ON 26-27 TO 1/4 MILE OR LESS
LOWEST: -20 ON 29,28 3 = THUNDER
SNOW, ICE PELLETS, HAIL 4 = ICE PELLETS
TOTAL MONTH: 11.8 INCHES 5 = HAIL
GRTST 24HR 4.0 ON 17-17 6 = FREEZING RAIN OR DRIZZLE
GRTST DEPTH: 4 ON 18 7 = DUSTSTORM OR SANDSTORM:
VSBY 1/2 MILE OR LESS
8 = SMOKE OR HAZE
[NO. OF DAYS WITH] [WEATHER - DAYS WITH] 9 = BLOWING SNOW
X = TORNADO
MAX 32 OR BELOW: 16 0.01 INCH OR MORE: 12
MAX 90 OR ABOVE: 0 0.10 INCH OR MORE: 3
MIN 32 OR BELOW: 30 0.50 INCH OR MORE: 0
MIN 0 OR BELOW: 8 1.00 INCH OR MORE: 0
[HDD (BASE 65) ]
TOTAL THIS MO. 1402 CLEAR (SCALE 0-3) 11
DPTR FM NORMAL -46 PTCLDY (SCALE 4-7) 16
TOTAL FM JUL 1 2756 CLOUDY (SCALE 8-10) 4
DPTR FM NORMAL -512
[CDD (BASE 65) ]
TOTAL THIS MO. 0
DPTR FM NORMAL 0 [PRESSURE DATA]
TOTAL FM JAN 1 986 HIGHEST SLP 30.50 ON 18
DPTR FM NORMAL 356 LOWEST SLP 29.15 ON 24
[REMARKS]
#FINAL-12-21#